{"id":44950,"date":"2025-10-11T15:07:23","date_gmt":"2025-10-11T13:07:23","guid":{"rendered":"https:\/\/silvereco.org\/doc\/?page_id=44950"},"modified":"2026-01-22T14:10:45","modified_gmt":"2026-01-22T13:10:45","slug":"genus-care-a9-hall-a","status":"publish","type":"page","link":"https:\/\/silvereco.org\/doc\/genus-care-a9-hall-a\/","title":{"rendered":"Genus Care \/ A9 \/ HALL A"},"content":{"rendered":"\n<figure class=\"wp-block-image size-large is-resized\"><img loading=\"lazy\" decoding=\"async\" width=\"1024\" height=\"279\" src=\"https:\/\/silvereco.org\/doc\/wp-content\/uploads\/2025\/10\/Logo_Compact@1600w-1024x279.png\" alt=\"\" class=\"wp-image-45809\" style=\"width:416px;height:auto\" srcset=\"https:\/\/silvereco.org\/doc\/wp-content\/uploads\/2025\/10\/Logo_Compact@1600w-1024x279.png 1024w, https:\/\/silvereco.org\/doc\/wp-content\/uploads\/2025\/10\/Logo_Compact@1600w-300x82.png 300w, https:\/\/silvereco.org\/doc\/wp-content\/uploads\/2025\/10\/Logo_Compact@1600w-768x209.png 768w, https:\/\/silvereco.org\/doc\/wp-content\/uploads\/2025\/10\/Logo_Compact@1600w-1536x419.png 1536w, https:\/\/silvereco.org\/doc\/wp-content\/uploads\/2025\/10\/Logo_Compact@1600w.png 1600w\" sizes=\"auto, (max-width: 1024px) 100vw, 1024px\" \/><\/figure>\n\n\n\n<h5 class=\"wp-block-heading\"><\/h5>\n\n\n\n<figure class=\"wp-block-image size-full\"><img loading=\"lazy\" decoding=\"async\" width=\"25\" height=\"24\" src=\"https:\/\/silvereco.org\/doc\/wp-content\/uploads\/2025\/10\/image-55.png\" alt=\"\" class=\"wp-image-45088\"\/><\/figure>\n\n\n\n<p>Genus est le syst\u00e8me de soins tout-en-un qui relie la famille et les amis, surveille le mode de vie et l&rsquo;environnement de vie, facilite la communication entre les clients, les proches et les professionnels de sant\u00e9, et alerte les bonnes personnes au bon moment. Genus offre plusieurs options de connectivit\u00e9 et est int\u00e9gr\u00e9 \u00e0 de nombreux syst\u00e8mes et p\u00e9riph\u00e9riques existants, ce qui permet son utilisation dans les h\u00f4pitaux, les maisons de retraite et \u00e0 domicile.<\/p>\n\n\n\n<figure class=\"wp-block-image size-full\"><img loading=\"lazy\" decoding=\"async\" width=\"25\" height=\"25\" src=\"https:\/\/silvereco.org\/doc\/wp-content\/uploads\/2025\/10\/image-27.png\" alt=\"\" class=\"wp-image-45032\"\/><\/figure>\n\n\n\n<p>Genus is the all-in-one care system that connects family &amp; friends, monitors lifestyle and living environment, communicates between clients, social and professional caretakers and alerts the right people at the right time.<br>Genus has multiple connectivity options and is integrated with many existing systems and peripherals, allowing it to be used in hospitals, care homes and home environments.<\/p>\n\n\n\n<p><strong>Mots Clefs :<\/strong><br>surveille, rappelle, alerte, contacte les aidants ou les professionnels lorsque c&rsquo;est n\u00e9cessaire<\/p>\n\n\n\n<p><strong>KeyWords :<\/strong><br>monitors, reminds, alerts, contacts caregivers or professionals when necessary<\/p>\n\n\n\n<p><strong>SilverEco Congr\u00e8s \/ Summits :<\/strong><br>Living at Home Summit \u2013 le Congr\u00e8s Bien-vieillir chez soi<br>SilverTech Summit \u2013 le Congr\u00e8s des technologies pour l\u2019autonomie<\/p>\n\n\n\n<p><strong>Contact :<\/strong><br><a href=\"https:\/\/genus.care\/fr\/le-genus\">Website<\/a><\/p>\n","protected":false},"excerpt":{"rendered":"<p>Genus est le syst\u00e8me de soins tout-en-un qui relie la famille et les amis, surveille le mode de vie et l&rsquo;environnement de vie, facilite la communication entre les clients, les proches et les professionnels de sant\u00e9, et alerte les bonnes personnes au bon moment. Genus offre plusieurs options de connectivit\u00e9 et est int\u00e9gr\u00e9 \u00e0 de [&hellip;]<\/p>\n","protected":false},"author":639,"featured_media":0,"parent":0,"menu_order":0,"comment_status":"closed","ping_status":"closed","template":"","meta":{"site-sidebar-layout":"default","site-content-layout":"","ast-site-content-layout":"default","site-content-style":"default","site-sidebar-style":"default","ast-global-header-display":"","ast-banner-title-visibility":"","ast-main-header-display":"","ast-hfb-above-header-display":"","ast-hfb-below-header-display":"","ast-hfb-mobile-header-display":"","site-post-title":"","ast-breadcrumbs-content":"","ast-featured-img":"","footer-sml-layout":"","ast-disable-related-posts":"","theme-transparent-header-meta":"","adv-header-id-meta":"","stick-header-meta":"","header-above-stick-meta":"","header-main-stick-meta":"","header-below-stick-meta":"","astra-migrate-meta-layouts":"set","ast-page-background-enabled":"default","ast-page-background-meta":{"desktop":{"background-color":"var(--ast-global-color-4)","background-image":"","background-repeat":"repeat","background-position":"center center","background-size":"auto","background-attachment":"scroll","background-type":"","background-media":"","overlay-type":"","overlay-color":"","overlay-opacity":"","overlay-gradient":""},"tablet":{"background-color":"","background-image":"","background-repeat":"repeat","background-position":"center center","background-size":"auto","background-attachment":"scroll","background-type":"","background-media":"","overlay-type":"","overlay-color":"","overlay-opacity":"","overlay-gradient":""},"mobile":{"background-color":"","background-image":"","background-repeat":"repeat","background-position":"center center","background-size":"auto","background-attachment":"scroll","background-type":"","background-media":"","overlay-type":"","overlay-color":"","overlay-opacity":"","overlay-gradient":""}},"ast-content-background-meta":{"desktop":{"background-color":"var(--ast-global-color-5)","background-image":"","background-repeat":"repeat","background-position":"center center","background-size":"auto","background-attachment":"scroll","background-type":"","background-media":"","overlay-type":"","overlay-color":"","overlay-opacity":"","overlay-gradient":""},"tablet":{"background-color":"var(--ast-global-color-5)","background-image":"","background-repeat":"repeat","background-position":"center center","background-size":"auto","background-attachment":"scroll","background-type":"","background-media":"","overlay-type":"","overlay-color":"","overlay-opacity":"","overlay-gradient":""},"mobile":{"background-color":"var(--ast-global-color-5)","background-image":"","background-repeat":"repeat","background-position":"center center","background-size":"auto","background-attachment":"scroll","background-type":"","background-media":"","overlay-type":"","overlay-color":"","overlay-opacity":"","overlay-gradient":""}},"footnotes":""},"class_list":["post-44950","page","type-page","status-publish","hentry"],"_links":{"self":[{"href":"https:\/\/silvereco.org\/doc\/wp-json\/wp\/v2\/pages\/44950","targetHints":{"allow":["GET"]}}],"collection":[{"href":"https:\/\/silvereco.org\/doc\/wp-json\/wp\/v2\/pages"}],"about":[{"href":"https:\/\/silvereco.org\/doc\/wp-json\/wp\/v2\/types\/page"}],"author":[{"embeddable":true,"href":"https:\/\/silvereco.org\/doc\/wp-json\/wp\/v2\/users\/639"}],"replies":[{"embeddable":true,"href":"https:\/\/silvereco.org\/doc\/wp-json\/wp\/v2\/comments?post=44950"}],"version-history":[{"count":5,"href":"https:\/\/silvereco.org\/doc\/wp-json\/wp\/v2\/pages\/44950\/revisions"}],"predecessor-version":[{"id":45810,"href":"https:\/\/silvereco.org\/doc\/wp-json\/wp\/v2\/pages\/44950\/revisions\/45810"}],"wp:attachment":[{"href":"https:\/\/silvereco.org\/doc\/wp-json\/wp\/v2\/media?parent=44950"}],"curies":[{"name":"wp","href":"https:\/\/api.w.org\/{rel}","templated":true}]}}