{"id":44948,"date":"2025-10-11T15:06:19","date_gmt":"2025-10-11T13:06:19","guid":{"rendered":"https:\/\/silvereco.org\/doc\/?page_id=44948"},"modified":"2026-01-22T14:10:23","modified_gmt":"2026-01-22T13:10:23","slug":"domitys-cup-a18-a21-hall-a","status":"publish","type":"page","link":"https:\/\/silvereco.org\/doc\/domitys-cup-a18-a21-hall-a\/","title":{"rendered":"DOMITYS CUP \/ A18-A21 \/ HALL A"},"content":{"rendered":"\n<figure class=\"wp-block-image is-resized\"><img decoding=\"async\" src=\"https:\/\/silvereco.org\/festival\/fr\/wp-content\/medias\/2025\/10\/domitys-25.png\" alt=\"\" style=\"width:416px;height:auto\"\/><\/figure>\n\n\n\n<h5 class=\"wp-block-heading\"><\/h5>\n\n\n\n<figure class=\"wp-block-image size-full\"><img loading=\"lazy\" decoding=\"async\" width=\"25\" height=\"24\" src=\"https:\/\/silvereco.org\/doc\/wp-content\/uploads\/2025\/10\/image-53.png\" alt=\"\" class=\"wp-image-45084\"\/><\/figure>\n\n\n\n<p>DOMITYS, num\u00e9ro 1 des r\u00e9sidences services seniors en France, membre du Groupe AG2R LA MONDIALE, a lanc\u00e9 en 2023 la DOMITYS CUP.<\/p>\n\n\n\n<p>Avec pour engagements de favoriser le bien-vieillir des seniors dans ses 200 r\u00e9sidences, le Groupe a souhait\u00e9 aller encore plus loin en mettant en place un dispositif unique qui consiste \u00e0 cr\u00e9er des bin\u00f4mes interg\u00e9n\u00e9rationnels, compos\u00e9s d\u2019un jeune et d\u2019un senior, dans l\u2019optique de s\u2019affronter sur Street Fighter VI. <\/p>\n\n\n\n<p>Parce que l\u2019on peut faire encore plein de choses, avoir encore des projets et r\u00e9aliser ses r\u00eaves \u00e0 tout \u00e2ge, que DOMITYS continue de s\u2019engager \u00e0 multiplier les innovations pour que les seniors se comme chez eux et en toute libert\u00e9, au sein de ses r\u00e9sidences.<\/p>\n\n\n\n<figure class=\"wp-block-image size-full\"><img loading=\"lazy\" decoding=\"async\" width=\"25\" height=\"25\" src=\"https:\/\/silvereco.org\/doc\/wp-content\/uploads\/2025\/10\/image-29.png\" alt=\"\" class=\"wp-image-45034\"\/><\/figure>\n\n\n\n<p>DOMITYS, the leading operator of senior serviced residences in France and a member of the AG2R LA MONDIALE Group, launched the DOMITYS CUP in 2023.<\/p>\n\n\n\n<p>Committed to promoting ageing well across its 200 residences, the Group went a step further by creating a unique initiative that forms intergenerational pairs\u2014each composed of a young person and a senior\u2014to compete in Street Fighter VI. DOMITYS continues to innovate so that seniors can feel at home and live freely within its residences, proving that at any age, people can still take on new projects, have fun, and make their dreams come true.<\/p>\n\n\n\n<p><strong>Mots Clefs :<\/strong><br>R\u00e9sidences seniors, r\u00e9sidents, bien vieillir, Silver \u00c9conomie, AG2R LA MONDIALE<\/p>\n\n\n\n<p><strong>KeyWords :<\/strong><br>Senior residences, residents, ageing well, Silver Economy, AG2R LA MONDIALE<\/p>\n\n\n\n<p><strong>SilverEco Congr\u00e8s \/ Summits :<\/strong><br>Yes We Care Summit \u2013 le Congr\u00e8s de l\u2019aide aux aidants<\/p>\n\n\n\n<p><strong>Contact :<\/strong><br>3 Boulevard Romain Rolland 92120 Montrouge \u2013 France<br><a href=\"https:\/\/www.domitys.fr\/\">Website<\/a><\/p>\n","protected":false},"excerpt":{"rendered":"<p>DOMITYS, num\u00e9ro 1 des r\u00e9sidences services seniors en France, membre du Groupe AG2R LA MONDIALE, a lanc\u00e9 en 2023 la DOMITYS CUP. Avec pour engagements de favoriser le bien-vieillir des seniors dans ses 200 r\u00e9sidences, le Groupe a souhait\u00e9 aller encore plus loin en mettant en place un dispositif unique qui consiste \u00e0 cr\u00e9er des [&hellip;]<\/p>\n","protected":false},"author":639,"featured_media":0,"parent":0,"menu_order":0,"comment_status":"closed","ping_status":"closed","template":"","meta":{"site-sidebar-layout":"default","site-content-layout":"","ast-site-content-layout":"default","site-content-style":"default","site-sidebar-style":"default","ast-global-header-display":"","ast-banner-title-visibility":"","ast-main-header-display":"","ast-hfb-above-header-display":"","ast-hfb-below-header-display":"","ast-hfb-mobile-header-display":"","site-post-title":"","ast-breadcrumbs-content":"","ast-featured-img":"","footer-sml-layout":"","ast-disable-related-posts":"","theme-transparent-header-meta":"","adv-header-id-meta":"","stick-header-meta":"","header-above-stick-meta":"","header-main-stick-meta":"","header-below-stick-meta":"","astra-migrate-meta-layouts":"set","ast-page-background-enabled":"default","ast-page-background-meta":{"desktop":{"background-color":"var(--ast-global-color-4)","background-image":"","background-repeat":"repeat","background-position":"center center","background-size":"auto","background-attachment":"scroll","background-type":"","background-media":"","overlay-type":"","overlay-color":"","overlay-opacity":"","overlay-gradient":""},"tablet":{"background-color":"","background-image":"","background-repeat":"repeat","background-position":"center center","background-size":"auto","background-attachment":"scroll","background-type":"","background-media":"","overlay-type":"","overlay-color":"","overlay-opacity":"","overlay-gradient":""},"mobile":{"background-color":"","background-image":"","background-repeat":"repeat","background-position":"center center","background-size":"auto","background-attachment":"scroll","background-type":"","background-media":"","overlay-type":"","overlay-color":"","overlay-opacity":"","overlay-gradient":""}},"ast-content-background-meta":{"desktop":{"background-color":"var(--ast-global-color-5)","background-image":"","background-repeat":"repeat","background-position":"center center","background-size":"auto","background-attachment":"scroll","background-type":"","background-media":"","overlay-type":"","overlay-color":"","overlay-opacity":"","overlay-gradient":""},"tablet":{"background-color":"var(--ast-global-color-5)","background-image":"","background-repeat":"repeat","background-position":"center center","background-size":"auto","background-attachment":"scroll","background-type":"","background-media":"","overlay-type":"","overlay-color":"","overlay-opacity":"","overlay-gradient":""},"mobile":{"background-color":"var(--ast-global-color-5)","background-image":"","background-repeat":"repeat","background-position":"center center","background-size":"auto","background-attachment":"scroll","background-type":"","background-media":"","overlay-type":"","overlay-color":"","overlay-opacity":"","overlay-gradient":""}},"footnotes":""},"class_list":["post-44948","page","type-page","status-publish","hentry"],"_links":{"self":[{"href":"https:\/\/silvereco.org\/doc\/wp-json\/wp\/v2\/pages\/44948","targetHints":{"allow":["GET"]}}],"collection":[{"href":"https:\/\/silvereco.org\/doc\/wp-json\/wp\/v2\/pages"}],"about":[{"href":"https:\/\/silvereco.org\/doc\/wp-json\/wp\/v2\/types\/page"}],"author":[{"embeddable":true,"href":"https:\/\/silvereco.org\/doc\/wp-json\/wp\/v2\/users\/639"}],"replies":[{"embeddable":true,"href":"https:\/\/silvereco.org\/doc\/wp-json\/wp\/v2\/comments?post=44948"}],"version-history":[{"count":4,"href":"https:\/\/silvereco.org\/doc\/wp-json\/wp\/v2\/pages\/44948\/revisions"}],"predecessor-version":[{"id":45606,"href":"https:\/\/silvereco.org\/doc\/wp-json\/wp\/v2\/pages\/44948\/revisions\/45606"}],"wp:attachment":[{"href":"https:\/\/silvereco.org\/doc\/wp-json\/wp\/v2\/media?parent=44948"}],"curies":[{"name":"wp","href":"https:\/\/api.w.org\/{rel}","templated":true}]}}