{"id":44935,"date":"2025-10-11T15:02:25","date_gmt":"2025-10-11T13:02:25","guid":{"rendered":"https:\/\/silvereco.org\/doc\/?page_id=44935"},"modified":"2026-01-22T14:10:23","modified_gmt":"2026-01-22T13:10:23","slug":"animia-c22-hallc","status":"publish","type":"page","link":"https:\/\/silvereco.org\/doc\/animia-c22-hallc\/","title":{"rendered":"Animia \/ C22 \/ HALLC"},"content":{"rendered":"\n<figure class=\"wp-block-image is-resized\"><img decoding=\"async\" src=\"https:\/\/silvereco.org\/festival\/fr\/wp-content\/medias\/2025\/10\/animia-25.jpg\" alt=\"\" style=\"width:378px;height:auto\"\/><\/figure>\n\n\n\n<h5 class=\"wp-block-heading\"><\/h5>\n\n\n\n<figure class=\"wp-block-image size-full\"><img loading=\"lazy\" decoding=\"async\" width=\"25\" height=\"24\" src=\"https:\/\/silvereco.org\/doc\/wp-content\/uploads\/2025\/10\/image-51.png\" alt=\"\" class=\"wp-image-45080\"\/><\/figure>\n\n\n\n<p>Ce projet propose de\u00a0d\u00e9velopper des animations cr\u00e9atives\u00a0et adapt\u00e9es aux \u00e9tablissements et services m\u00e9dico-sociaux. Gr\u00e2ce \u00e0 l\u2019intelligence artificielle\u00a0et un processus collaboratif,\u00a0nous aidons les personnes accompagn\u00e9es \u00e0 imaginer des \u0153uvres, des r\u00e9cits ou des jeux, tout en favorisant leur bien-\u00eatre et leur cr\u00e9ativit\u00e9.<br><\/p>\n\n\n\n<figure class=\"wp-block-image size-full\"><img loading=\"lazy\" decoding=\"async\" width=\"25\" height=\"25\" src=\"https:\/\/silvereco.org\/doc\/wp-content\/uploads\/2025\/10\/image-31.png\" alt=\"\" class=\"wp-image-45041\"\/><\/figure>\n\n\n\n<p>This project aims to develop creative and tailored activities for medical and social care institutions and services. Through artificial intelligence and a collaborative process, we help supported individuals imagine works, stories, or games, while promoting their well-being and creativity.<\/p>\n\n\n\n<p><strong>Mots Clefs :<\/strong><br>intelligence artificielle  bien-\u00eatre, \u00e9tablissements et services m\u00e9dico-sociaux<\/p>\n\n\n\n<p><strong>KeyWords :<\/strong><br>artificial intelligence, well-being, medical and social care institutions<\/p>\n\n\n\n<p><strong>SilverEco Congr\u00e8s \/ Summits :<\/strong><br>Nursing Home Summit \u2013 le Congr\u00e8s EHPAD, RSS et h\u00e9bergement collectif<br>SilverTech Summit \u2013 le Congr\u00e8s des technologies pour l\u2019autonomie<\/p>\n\n\n\n<p><strong>Contact :<\/strong><br><a href=\"https:\/\/www.animia.app\/\">Website<\/a><\/p>\n","protected":false},"excerpt":{"rendered":"<p>Ce projet propose de\u00a0d\u00e9velopper des animations cr\u00e9atives\u00a0et adapt\u00e9es aux \u00e9tablissements et services m\u00e9dico-sociaux. Gr\u00e2ce \u00e0 l\u2019intelligence artificielle\u00a0et un processus collaboratif,\u00a0nous aidons les personnes accompagn\u00e9es \u00e0 imaginer des \u0153uvres, des r\u00e9cits ou des jeux, tout en favorisant leur bien-\u00eatre et leur cr\u00e9ativit\u00e9. This project aims to develop creative and tailored activities for medical and social care [&hellip;]<\/p>\n","protected":false},"author":639,"featured_media":0,"parent":0,"menu_order":0,"comment_status":"closed","ping_status":"closed","template":"","meta":{"site-sidebar-layout":"default","site-content-layout":"","ast-site-content-layout":"default","site-content-style":"default","site-sidebar-style":"default","ast-global-header-display":"","ast-banner-title-visibility":"","ast-main-header-display":"","ast-hfb-above-header-display":"","ast-hfb-below-header-display":"","ast-hfb-mobile-header-display":"","site-post-title":"","ast-breadcrumbs-content":"","ast-featured-img":"","footer-sml-layout":"","ast-disable-related-posts":"","theme-transparent-header-meta":"","adv-header-id-meta":"","stick-header-meta":"","header-above-stick-meta":"","header-main-stick-meta":"","header-below-stick-meta":"","astra-migrate-meta-layouts":"set","ast-page-background-enabled":"default","ast-page-background-meta":{"desktop":{"background-color":"var(--ast-global-color-4)","background-image":"","background-repeat":"repeat","background-position":"center center","background-size":"auto","background-attachment":"scroll","background-type":"","background-media":"","overlay-type":"","overlay-color":"","overlay-opacity":"","overlay-gradient":""},"tablet":{"background-color":"","background-image":"","background-repeat":"repeat","background-position":"center center","background-size":"auto","background-attachment":"scroll","background-type":"","background-media":"","overlay-type":"","overlay-color":"","overlay-opacity":"","overlay-gradient":""},"mobile":{"background-color":"","background-image":"","background-repeat":"repeat","background-position":"center center","background-size":"auto","background-attachment":"scroll","background-type":"","background-media":"","overlay-type":"","overlay-color":"","overlay-opacity":"","overlay-gradient":""}},"ast-content-background-meta":{"desktop":{"background-color":"var(--ast-global-color-5)","background-image":"","background-repeat":"repeat","background-position":"center center","background-size":"auto","background-attachment":"scroll","background-type":"","background-media":"","overlay-type":"","overlay-color":"","overlay-opacity":"","overlay-gradient":""},"tablet":{"background-color":"var(--ast-global-color-5)","background-image":"","background-repeat":"repeat","background-position":"center center","background-size":"auto","background-attachment":"scroll","background-type":"","background-media":"","overlay-type":"","overlay-color":"","overlay-opacity":"","overlay-gradient":""},"mobile":{"background-color":"var(--ast-global-color-5)","background-image":"","background-repeat":"repeat","background-position":"center center","background-size":"auto","background-attachment":"scroll","background-type":"","background-media":"","overlay-type":"","overlay-color":"","overlay-opacity":"","overlay-gradient":""}},"footnotes":""},"class_list":["post-44935","page","type-page","status-publish","hentry"],"_links":{"self":[{"href":"https:\/\/silvereco.org\/doc\/wp-json\/wp\/v2\/pages\/44935","targetHints":{"allow":["GET"]}}],"collection":[{"href":"https:\/\/silvereco.org\/doc\/wp-json\/wp\/v2\/pages"}],"about":[{"href":"https:\/\/silvereco.org\/doc\/wp-json\/wp\/v2\/types\/page"}],"author":[{"embeddable":true,"href":"https:\/\/silvereco.org\/doc\/wp-json\/wp\/v2\/users\/639"}],"replies":[{"embeddable":true,"href":"https:\/\/silvereco.org\/doc\/wp-json\/wp\/v2\/comments?post=44935"}],"version-history":[{"count":6,"href":"https:\/\/silvereco.org\/doc\/wp-json\/wp\/v2\/pages\/44935\/revisions"}],"predecessor-version":[{"id":45438,"href":"https:\/\/silvereco.org\/doc\/wp-json\/wp\/v2\/pages\/44935\/revisions\/45438"}],"wp:attachment":[{"href":"https:\/\/silvereco.org\/doc\/wp-json\/wp\/v2\/media?parent=44935"}],"curies":[{"name":"wp","href":"https:\/\/api.w.org\/{rel}","templated":true}]}}