{"id":44928,"date":"2025-10-11T14:58:20","date_gmt":"2025-10-11T12:58:20","guid":{"rendered":"https:\/\/silvereco.org\/doc\/?page_id=44928"},"modified":"2026-01-22T14:10:45","modified_gmt":"2026-01-22T13:10:45","slug":"mon-senior-b14-hall-b","status":"publish","type":"page","link":"https:\/\/silvereco.org\/doc\/mon-senior-b14-hall-b\/","title":{"rendered":"Mon Senior \/ B14 \/ HALL B"},"content":{"rendered":"\n<figure class=\"wp-block-image size-full is-resized\"><img loading=\"lazy\" decoding=\"async\" width=\"801\" height=\"259\" src=\"https:\/\/silvereco.org\/doc\/wp-content\/uploads\/2025\/10\/image-6.png\" alt=\"\" class=\"wp-image-44939\" style=\"width:374px;height:auto\" srcset=\"https:\/\/silvereco.org\/doc\/wp-content\/uploads\/2025\/10\/image-6.png 801w, https:\/\/silvereco.org\/doc\/wp-content\/uploads\/2025\/10\/image-6-300x97.png 300w, https:\/\/silvereco.org\/doc\/wp-content\/uploads\/2025\/10\/image-6-768x248.png 768w\" sizes=\"auto, (max-width: 801px) 100vw, 801px\" \/><\/figure>\n\n\n\n<h5 class=\"wp-block-heading\"><\/h5>\n\n\n\n<figure class=\"wp-block-image size-full\"><img loading=\"lazy\" decoding=\"async\" width=\"25\" height=\"24\" src=\"https:\/\/silvereco.org\/doc\/wp-content\/uploads\/2025\/10\/image-44.png\" alt=\"\" class=\"wp-image-45067\"\/><\/figure>\n\n\n\n<p>Mon Senior partage de la bonne humeur, diffuse de la positivit\u00e9 et cr\u00e9e du lien social.<\/p>\n\n\n\n<p>Mon Senior est une structure engag\u00e9e qui imagine et d\u00e9veloppe des solutions innovantes pour enrichir la vie sociale, culturelle et \u00e9motionnelle des personnes de 50 ans et plus. <\/p>\n\n\n\n<p>Convaincus que la retraite n\u2019est pas une fin, mais un nouveau d\u00e9part, nous proposons des initiatives concr\u00e8tes, interg\u00e9n\u00e9rationnelles et ancr\u00e9es dans les territoires pour encourager l\u2019autonomie, le lien social, la mobilit\u00e9 et l\u2019\u00e9panouissement personnel des seniors. <\/p>\n\n\n\n<p>Nos actions se d\u00e9marquent par : <br>Un esprit collaboratif et participatif : chaque senior peut devenir acteur du r\u00e9seau. <br>Une approche \u00e9motionnelle et valorisante du vieillissement. <br>Une revitalisation des territoires en partenariat avec les collectivit\u00e9s. <br>Un mod\u00e8le sans \u00e9quivalent, cr\u00e9atif, humain et \u00e9volutif. <\/p>\n\n\n\n<p>Nous mettons en avant des valeurs fortes : inclusion, solidarit\u00e9, autonomie, transmission, plaisir, et bienveillance. Notre ambition est simple : cr\u00e9er une nouvelle mani\u00e8re de vieillir, positive, inspirante et connect\u00e9e aux r\u00e9alit\u00e9s de notre \u00e9poque.<\/p>\n\n\n\n<figure class=\"wp-block-image size-full\"><img loading=\"lazy\" decoding=\"async\" width=\"25\" height=\"25\" src=\"https:\/\/silvereco.org\/doc\/wp-content\/uploads\/2025\/10\/image-37.png\" alt=\"\" class=\"wp-image-45049\"\/><\/figure>\n\n\n\n<p>Mon Senior spreads good cheer, positivity, and social connection.<\/p>\n\n\n\n<p>It is a committed organization that designs and develops innovative solutions to enrich the social, cultural, and emotional lives of people aged 50 and over. Convinced that retirement is not an end but a new beginning, Mon Senior offers concrete, intergenerational, and community-based initiatives that promote autonomy, social ties, mobility, and personal fulfillment.<\/p>\n\n\n\n<p>Its actions stand out through a collaborative and participatory spirit where every senior can be an active member of the network, a positive and empowering approach to ageing, and the revitalization of local communities in partnership with public authorities. Guided by strong values \u2014 inclusion, solidarity, autonomy, sharing, joy, and kindness \u2014 Mon Senior aims to create a new, inspiring, and forward-looking way of ageing.<\/p>\n\n\n\n<p><strong>Mots Clefs :<\/strong><br>senior, seniors actifs, vie senior, bien vieillir, activit\u00e9s seniors, retraite active, club senior, communaut\u00e9 senior, services pour seniors, plateforme senior<\/p>\n\n\n\n<p><strong>KeyWords :<\/strong><br>senior, active seniors, senior life, ageing well, senior activities, active retirement, senior club, senior community, senior services, senior platform<\/p>\n\n\n\n<p><strong>SilverEco Congr\u00e8s \/ Summits :<\/strong><br>Silver Citizen Summit \u2013 le Congr\u00e8s Silver citoyennet\u00e9<\/p>\n\n\n\n<p><strong>Contact :<\/strong><br>400 avenue roumanille \u2013 06410 Sophia antipolis \u2013 France<br>+33 1 89 47 40 40 \u2013 +33 7 56 87 38 38<br>contact@mon-senior.fr<br><a href=\"https:\/\/www.mon-senior.fr\/\">Website<\/a><\/p>\n","protected":false},"excerpt":{"rendered":"<p>Mon Senior partage de la bonne humeur, diffuse de la positivit\u00e9 et cr\u00e9e du lien social. Mon Senior est une structure engag\u00e9e qui imagine et d\u00e9veloppe des solutions innovantes pour enrichir la vie sociale, culturelle et \u00e9motionnelle des personnes de 50 ans et plus. Convaincus que la retraite n\u2019est pas une fin, mais un nouveau [&hellip;]<\/p>\n","protected":false},"author":639,"featured_media":0,"parent":0,"menu_order":0,"comment_status":"closed","ping_status":"closed","template":"","meta":{"site-sidebar-layout":"default","site-content-layout":"","ast-site-content-layout":"default","site-content-style":"default","site-sidebar-style":"default","ast-global-header-display":"","ast-banner-title-visibility":"","ast-main-header-display":"","ast-hfb-above-header-display":"","ast-hfb-below-header-display":"","ast-hfb-mobile-header-display":"","site-post-title":"","ast-breadcrumbs-content":"","ast-featured-img":"","footer-sml-layout":"","ast-disable-related-posts":"","theme-transparent-header-meta":"","adv-header-id-meta":"","stick-header-meta":"","header-above-stick-meta":"","header-main-stick-meta":"","header-below-stick-meta":"","astra-migrate-meta-layouts":"set","ast-page-background-enabled":"default","ast-page-background-meta":{"desktop":{"background-color":"var(--ast-global-color-4)","background-image":"","background-repeat":"repeat","background-position":"center center","background-size":"auto","background-attachment":"scroll","background-type":"","background-media":"","overlay-type":"","overlay-color":"","overlay-opacity":"","overlay-gradient":""},"tablet":{"background-color":"","background-image":"","background-repeat":"repeat","background-position":"center center","background-size":"auto","background-attachment":"scroll","background-type":"","background-media":"","overlay-type":"","overlay-color":"","overlay-opacity":"","overlay-gradient":""},"mobile":{"background-color":"","background-image":"","background-repeat":"repeat","background-position":"center center","background-size":"auto","background-attachment":"scroll","background-type":"","background-media":"","overlay-type":"","overlay-color":"","overlay-opacity":"","overlay-gradient":""}},"ast-content-background-meta":{"desktop":{"background-color":"var(--ast-global-color-5)","background-image":"","background-repeat":"repeat","background-position":"center center","background-size":"auto","background-attachment":"scroll","background-type":"","background-media":"","overlay-type":"","overlay-color":"","overlay-opacity":"","overlay-gradient":""},"tablet":{"background-color":"var(--ast-global-color-5)","background-image":"","background-repeat":"repeat","background-position":"center center","background-size":"auto","background-attachment":"scroll","background-type":"","background-media":"","overlay-type":"","overlay-color":"","overlay-opacity":"","overlay-gradient":""},"mobile":{"background-color":"var(--ast-global-color-5)","background-image":"","background-repeat":"repeat","background-position":"center center","background-size":"auto","background-attachment":"scroll","background-type":"","background-media":"","overlay-type":"","overlay-color":"","overlay-opacity":"","overlay-gradient":""}},"footnotes":""},"class_list":["post-44928","page","type-page","status-publish","hentry"],"_links":{"self":[{"href":"https:\/\/silvereco.org\/doc\/wp-json\/wp\/v2\/pages\/44928","targetHints":{"allow":["GET"]}}],"collection":[{"href":"https:\/\/silvereco.org\/doc\/wp-json\/wp\/v2\/pages"}],"about":[{"href":"https:\/\/silvereco.org\/doc\/wp-json\/wp\/v2\/types\/page"}],"author":[{"embeddable":true,"href":"https:\/\/silvereco.org\/doc\/wp-json\/wp\/v2\/users\/639"}],"replies":[{"embeddable":true,"href":"https:\/\/silvereco.org\/doc\/wp-json\/wp\/v2\/comments?post=44928"}],"version-history":[{"count":5,"href":"https:\/\/silvereco.org\/doc\/wp-json\/wp\/v2\/pages\/44928\/revisions"}],"predecessor-version":[{"id":45614,"href":"https:\/\/silvereco.org\/doc\/wp-json\/wp\/v2\/pages\/44928\/revisions\/45614"}],"wp:attachment":[{"href":"https:\/\/silvereco.org\/doc\/wp-json\/wp\/v2\/media?parent=44928"}],"curies":[{"name":"wp","href":"https:\/\/api.w.org\/{rel}","templated":true}]}}