{"id":44913,"date":"2025-10-11T14:50:44","date_gmt":"2025-10-11T12:50:44","guid":{"rendered":"https:\/\/silvereco.org\/doc\/?page_id=44913"},"modified":"2026-01-22T14:10:45","modified_gmt":"2026-01-22T13:10:45","slug":"payelo-a17-hall-a","status":"publish","type":"page","link":"https:\/\/silvereco.org\/doc\/payelo-a17-hall-a\/","title":{"rendered":"Payelo \/ A17 \/ HALL A"},"content":{"rendered":"\n<figure class=\"wp-block-image is-resized\"><img decoding=\"async\" src=\"https:\/\/silvereco.org\/festival\/fr\/wp-content\/medias\/2025\/10\/payelo-25.png\" alt=\"\" style=\"width:323px;height:auto\"\/><\/figure>\n\n\n\n<h5 class=\"wp-block-heading\"><\/h5>\n\n\n\n<figure class=\"wp-block-image size-full\"><img loading=\"lazy\" decoding=\"async\" width=\"25\" height=\"24\" src=\"https:\/\/silvereco.org\/doc\/wp-content\/uploads\/2025\/10\/image-60.png\" alt=\"\" class=\"wp-image-45096\"\/><\/figure>\n\n\n\n<p>Payelo est une carte de paiement con\u00e7ue pour les personnes vuln\u00e9rables et leurs aidants, qui peut \u00eatre pr\u00eat\u00e9e en toute s\u00e9r\u00e9nit\u00e9 et en toute l\u00e9galit\u00e9.<\/p>\n\n\n\n<p>Elle est pilot\u00e9e \u00e0 l\u2019aide d\u2019une application mobile (Android ou Apple) qui permet de choisir qui peut utiliser la carte (autant d\u2019intervenants que n\u00e9cessaire), dans quelles conditions (plafonds, types de d\u00e9penses, \u00e9ventuellement cr\u00e9neaux horaires) et de conserver l\u2019historique des d\u00e9penses. <\/p>\n\n\n\n<p>L\u2019emprunteur peut photographier ou t\u00e9l\u00e9charger ses justificatifs (tickets de caisse, \u2026) et solliciter l\u2019ajout de fonds par un message. <\/p>\n\n\n\n<p>La carte est verrouill\u00e9e d\u00e8s lors qu\u2019elle n\u2019est pas utilis\u00e9e par une personne autoris\u00e9e, limitant toute possibilit\u00e9 d\u2019abus.<\/p>\n\n\n\n<figure class=\"wp-block-image size-full\"><img loading=\"lazy\" decoding=\"async\" width=\"25\" height=\"25\" src=\"https:\/\/silvereco.org\/doc\/wp-content\/uploads\/2025\/10\/image-93.png\" alt=\"\" class=\"wp-image-45162\"\/><\/figure>\n\n\n\n<p>Payelo is a payment card designed for vulnerable individuals and their caregivers, allowing it to be safely and legally shared.<\/p>\n\n\n\n<p>It is managed through a mobile app (Android or Apple) that lets users choose who can use the card (as many caregivers as needed), under what conditions (spending limits, expense categories, and optional time slots), while keeping a full transaction history. The user can photograph or upload receipts and request additional funds via a message. The card automatically locks when used by an unauthorized person, preventing any risk of misuse.<\/p>\n\n\n\n<p><strong>Mots Clefs :<\/strong><br>Carte de paiement, pr\u00eat, vuln\u00e9rabilit\u00e9, aidants, aid\u00e9s, bien vieillir, s\u00e9curit\u00e9, handicap, aide \u00e0 domicile.<\/p>\n\n\n\n<p><strong>KeyWords :<\/strong><br>Payment card, loan, vulnerability, caregivers, care recipients, ageing well, safety, disability, home care.<\/p>\n\n\n\n<p><strong>SilverEco Congr\u00e8s \/ Summits :<\/strong><br>Living at Home Summit \u2013 le Congr\u00e8s Bien-vieillir chez soi<br>SilverTech Summit \u2013 le Congr\u00e8s des technologies pour l\u2019autonomie<br>Yes We Care Summit \u2013 le Congr\u00e8s de l\u2019aide aux aidants<\/p>\n\n\n\n<p><strong>Contact :<\/strong><br>70 rue du Docteur Yersin, 59120, Loos \u2013 France<br>+33 7 81 66 12 11<br>arnaud.descharne@payelo.io<br><a href=\"https:\/\/payelo.io\/\">Website<\/a><\/p>\n","protected":false},"excerpt":{"rendered":"<p>Payelo est une carte de paiement con\u00e7ue pour les personnes vuln\u00e9rables et leurs aidants, qui peut \u00eatre pr\u00eat\u00e9e en toute s\u00e9r\u00e9nit\u00e9 et en toute l\u00e9galit\u00e9. Elle est pilot\u00e9e \u00e0 l\u2019aide d\u2019une application mobile (Android ou Apple) qui permet de choisir qui peut utiliser la carte (autant d\u2019intervenants que n\u00e9cessaire), dans quelles conditions (plafonds, types de [&hellip;]<\/p>\n","protected":false},"author":639,"featured_media":0,"parent":0,"menu_order":0,"comment_status":"closed","ping_status":"closed","template":"","meta":{"site-sidebar-layout":"default","site-content-layout":"","ast-site-content-layout":"default","site-content-style":"default","site-sidebar-style":"default","ast-global-header-display":"","ast-banner-title-visibility":"","ast-main-header-display":"","ast-hfb-above-header-display":"","ast-hfb-below-header-display":"","ast-hfb-mobile-header-display":"","site-post-title":"","ast-breadcrumbs-content":"","ast-featured-img":"","footer-sml-layout":"","ast-disable-related-posts":"","theme-transparent-header-meta":"","adv-header-id-meta":"","stick-header-meta":"","header-above-stick-meta":"","header-main-stick-meta":"","header-below-stick-meta":"","astra-migrate-meta-layouts":"set","ast-page-background-enabled":"default","ast-page-background-meta":{"desktop":{"background-color":"var(--ast-global-color-4)","background-image":"","background-repeat":"repeat","background-position":"center center","background-size":"auto","background-attachment":"scroll","background-type":"","background-media":"","overlay-type":"","overlay-color":"","overlay-opacity":"","overlay-gradient":""},"tablet":{"background-color":"","background-image":"","background-repeat":"repeat","background-position":"center center","background-size":"auto","background-attachment":"scroll","background-type":"","background-media":"","overlay-type":"","overlay-color":"","overlay-opacity":"","overlay-gradient":""},"mobile":{"background-color":"","background-image":"","background-repeat":"repeat","background-position":"center center","background-size":"auto","background-attachment":"scroll","background-type":"","background-media":"","overlay-type":"","overlay-color":"","overlay-opacity":"","overlay-gradient":""}},"ast-content-background-meta":{"desktop":{"background-color":"var(--ast-global-color-5)","background-image":"","background-repeat":"repeat","background-position":"center center","background-size":"auto","background-attachment":"scroll","background-type":"","background-media":"","overlay-type":"","overlay-color":"","overlay-opacity":"","overlay-gradient":""},"tablet":{"background-color":"var(--ast-global-color-5)","background-image":"","background-repeat":"repeat","background-position":"center center","background-size":"auto","background-attachment":"scroll","background-type":"","background-media":"","overlay-type":"","overlay-color":"","overlay-opacity":"","overlay-gradient":""},"mobile":{"background-color":"var(--ast-global-color-5)","background-image":"","background-repeat":"repeat","background-position":"center center","background-size":"auto","background-attachment":"scroll","background-type":"","background-media":"","overlay-type":"","overlay-color":"","overlay-opacity":"","overlay-gradient":""}},"footnotes":""},"class_list":["post-44913","page","type-page","status-publish","hentry"],"_links":{"self":[{"href":"https:\/\/silvereco.org\/doc\/wp-json\/wp\/v2\/pages\/44913","targetHints":{"allow":["GET"]}}],"collection":[{"href":"https:\/\/silvereco.org\/doc\/wp-json\/wp\/v2\/pages"}],"about":[{"href":"https:\/\/silvereco.org\/doc\/wp-json\/wp\/v2\/types\/page"}],"author":[{"embeddable":true,"href":"https:\/\/silvereco.org\/doc\/wp-json\/wp\/v2\/users\/639"}],"replies":[{"embeddable":true,"href":"https:\/\/silvereco.org\/doc\/wp-json\/wp\/v2\/comments?post=44913"}],"version-history":[{"count":4,"href":"https:\/\/silvereco.org\/doc\/wp-json\/wp\/v2\/pages\/44913\/revisions"}],"predecessor-version":[{"id":45669,"href":"https:\/\/silvereco.org\/doc\/wp-json\/wp\/v2\/pages\/44913\/revisions\/45669"}],"wp:attachment":[{"href":"https:\/\/silvereco.org\/doc\/wp-json\/wp\/v2\/media?parent=44913"}],"curies":[{"name":"wp","href":"https:\/\/api.w.org\/{rel}","templated":true}]}}