{"id":44890,"date":"2025-10-11T14:38:56","date_gmt":"2025-10-11T12:38:56","guid":{"rendered":"https:\/\/silvereco.org\/doc\/?page_id=44890"},"modified":"2026-01-22T14:10:46","modified_gmt":"2026-01-22T13:10:46","slug":"preventeure-c25-hall-c","status":"publish","type":"page","link":"https:\/\/silvereco.org\/doc\/preventeure-c25-hall-c\/","title":{"rendered":"PREVENT\u2019EURE \/ C25 \/ HALL C"},"content":{"rendered":"\n<figure class=\"wp-block-image is-resized\"><img decoding=\"async\" src=\"https:\/\/silvereco.org\/festival\/fr\/wp-content\/medias\/2025\/10\/preventeure-25.jpg\" alt=\"\" style=\"width:317px;height:auto\"\/><\/figure>\n\n\n\n<h5 class=\"wp-block-heading\"><\/h5>\n\n\n\n<figure class=\"wp-block-image size-full\"><img loading=\"lazy\" decoding=\"async\" width=\"25\" height=\"24\" src=\"https:\/\/silvereco.org\/doc\/wp-content\/uploads\/2025\/10\/image-69.png\" alt=\"\" class=\"wp-image-45116\"\/><\/figure>\n\n\n\n<p>PREVENT\u2019EURE propose des formations, des animations et des outils de formation, pour le priv\u00e9 comme le public, toujours avec des mises en situation pour se mettre \u00e0 la place des personnes en situation de handicaps, de travailleur, de personnes fragiles.<\/p>\n\n\n\n<p>Afin de vivre une exp\u00e9rience immersive et inoubliable, nous utilisons des simulateurs performants et r\u00e9v\u00e9lateurs (vieillissement, handicaps, ob\u00e9sit\u00e9, tms) r\u00e9volutionnant la formation en sant\u00e9 en alliant p\u00e9dagogie et andragogie. <\/p>\n\n\n\n<p>Nous proposons des outils de formation, des actions de pr\u00e9vention, des campagnes de sensibilisation et des initiatives visant \u00e0 am\u00e9liorer l\u2019acc\u00e8s aux soins adapt\u00e9s. Nos actions permettent une prise de conscience imm\u00e9diate et une exp\u00e9rience sensorielle intense o\u00f9 les participants exp\u00e9rimentent les obstacles physiques et psychologiques facilitant une approche plus empathique et adapt\u00e9e. Les professionnels de sant\u00e9, qu\u2019ils soient m\u00e9decins, infirmiers, ou aides-soignants, sont en premi\u00e8re ligne pour accompagner les personnes \u00e2g\u00e9es. Nos formations d\u00e9veloppent leur sensibilit\u00e9 aux d\u00e9fis physiques et \u00e9motionnels de leurs patients, am\u00e9liorant la qualit\u00e9 des soins. <\/p>\n\n\n\n<p>En comprenant mieux la d\u00e9pendance, ils peuvent personnaliser leur approche, proposer des solutions plus adapt\u00e9es et g\u00e9rer les risques associ\u00e9s, tout en promouvant des actions de pr\u00e9vention cibl\u00e9es. Vivre le handicap, c\u2019est mieux le comprendre !<\/p>\n\n\n\n<figure class=\"wp-block-image size-full\"><img loading=\"lazy\" decoding=\"async\" width=\"25\" height=\"25\" src=\"https:\/\/silvereco.org\/doc\/wp-content\/uploads\/2025\/10\/image-84.png\" alt=\"\" class=\"wp-image-45144\"\/><\/figure>\n\n\n\n<p>PREVENT\u2019EURE offers training programs, workshops, and educational tools for both the private and public sectors, always emphasizing experiential learning that allows participants to step into the shoes of people with disabilities, workers, or individuals in fragile situations.<\/p>\n\n\n\n<p>To create an immersive and memorable experience, PREVENT\u2019EURE uses advanced simulators that replicate ageing, disabilities, obesity, and musculoskeletal disorders \u2014 revolutionizing health training by combining pedagogy and andragogy. The organization provides training tools, prevention initiatives, awareness campaigns, and programs that improve access to appropriate care. Its approach fosters immediate awareness and intense sensory engagement, helping participants experience physical and psychological barriers firsthand to build empathy and understanding.<\/p>\n\n\n\n<p>Healthcare professionals \u2014 including doctors, nurses, and caregivers \u2014 are trained to better grasp the physical and emotional challenges faced by their patients. By deepening their understanding of dependency, they can personalize their approach, propose more suitable solutions, and manage associated risks while promoting targeted prevention. Experiencing disability is the best way to understand it.<\/p>\n\n\n\n<p><strong>Mots Clefs :<\/strong><br>formation, animation, simulateurs, outils de formation, handicaps, vieillissement, tms, ob\u00e9sit\u00e9, p\u00e9dagogie, andragogie, exp\u00e9rience sensorielle, qualit\u00e9 des soins, d\u00e9pendance<\/p>\n\n\n\n<p><strong>KeyWords :<\/strong><br>Training, facilitation, simulators, training tools, disabilities, ageing, MSDs, obesity, pedagogy, andragogy, sensory experience, quality of care, dependency.<\/p>\n\n\n\n<p><strong>SilverEco Congr\u00e8s \/ Summits :<\/strong><br>Yes We Care Summit \u2013 le Congr\u00e8s de l\u2019aide aux aidants<\/p>\n\n\n\n<p><strong>Contact :<\/strong><br>19 Rue des Pimpelines 27220 ST LAURENT DES BOIS \u2013 France<br>+33 2 32 58 13 34<br>contact@prevent-eure.fr<br><a href=\"https:\/\/www.prevent-eure.fr\/\">Website<\/a><\/p>\n","protected":false},"excerpt":{"rendered":"<p>PREVENT\u2019EURE propose des formations, des animations et des outils de formation, pour le priv\u00e9 comme le public, toujours avec des mises en situation pour se mettre \u00e0 la place des personnes en situation de handicaps, de travailleur, de personnes fragiles. Afin de vivre une exp\u00e9rience immersive et inoubliable, nous utilisons des simulateurs performants et r\u00e9v\u00e9lateurs [&hellip;]<\/p>\n","protected":false},"author":639,"featured_media":0,"parent":0,"menu_order":0,"comment_status":"closed","ping_status":"closed","template":"","meta":{"site-sidebar-layout":"default","site-content-layout":"","ast-site-content-layout":"default","site-content-style":"default","site-sidebar-style":"default","ast-global-header-display":"","ast-banner-title-visibility":"","ast-main-header-display":"","ast-hfb-above-header-display":"","ast-hfb-below-header-display":"","ast-hfb-mobile-header-display":"","site-post-title":"","ast-breadcrumbs-content":"","ast-featured-img":"","footer-sml-layout":"","ast-disable-related-posts":"","theme-transparent-header-meta":"","adv-header-id-meta":"","stick-header-meta":"","header-above-stick-meta":"","header-main-stick-meta":"","header-below-stick-meta":"","astra-migrate-meta-layouts":"set","ast-page-background-enabled":"default","ast-page-background-meta":{"desktop":{"background-color":"var(--ast-global-color-4)","background-image":"","background-repeat":"repeat","background-position":"center center","background-size":"auto","background-attachment":"scroll","background-type":"","background-media":"","overlay-type":"","overlay-color":"","overlay-opacity":"","overlay-gradient":""},"tablet":{"background-color":"","background-image":"","background-repeat":"repeat","background-position":"center center","background-size":"auto","background-attachment":"scroll","background-type":"","background-media":"","overlay-type":"","overlay-color":"","overlay-opacity":"","overlay-gradient":""},"mobile":{"background-color":"","background-image":"","background-repeat":"repeat","background-position":"center center","background-size":"auto","background-attachment":"scroll","background-type":"","background-media":"","overlay-type":"","overlay-color":"","overlay-opacity":"","overlay-gradient":""}},"ast-content-background-meta":{"desktop":{"background-color":"var(--ast-global-color-5)","background-image":"","background-repeat":"repeat","background-position":"center center","background-size":"auto","background-attachment":"scroll","background-type":"","background-media":"","overlay-type":"","overlay-color":"","overlay-opacity":"","overlay-gradient":""},"tablet":{"background-color":"var(--ast-global-color-5)","background-image":"","background-repeat":"repeat","background-position":"center center","background-size":"auto","background-attachment":"scroll","background-type":"","background-media":"","overlay-type":"","overlay-color":"","overlay-opacity":"","overlay-gradient":""},"mobile":{"background-color":"var(--ast-global-color-5)","background-image":"","background-repeat":"repeat","background-position":"center center","background-size":"auto","background-attachment":"scroll","background-type":"","background-media":"","overlay-type":"","overlay-color":"","overlay-opacity":"","overlay-gradient":""}},"footnotes":""},"class_list":["post-44890","page","type-page","status-publish","hentry"],"_links":{"self":[{"href":"https:\/\/silvereco.org\/doc\/wp-json\/wp\/v2\/pages\/44890","targetHints":{"allow":["GET"]}}],"collection":[{"href":"https:\/\/silvereco.org\/doc\/wp-json\/wp\/v2\/pages"}],"about":[{"href":"https:\/\/silvereco.org\/doc\/wp-json\/wp\/v2\/types\/page"}],"author":[{"embeddable":true,"href":"https:\/\/silvereco.org\/doc\/wp-json\/wp\/v2\/users\/639"}],"replies":[{"embeddable":true,"href":"https:\/\/silvereco.org\/doc\/wp-json\/wp\/v2\/comments?post=44890"}],"version-history":[{"count":5,"href":"https:\/\/silvereco.org\/doc\/wp-json\/wp\/v2\/pages\/44890\/revisions"}],"predecessor-version":[{"id":45663,"href":"https:\/\/silvereco.org\/doc\/wp-json\/wp\/v2\/pages\/44890\/revisions\/45663"}],"wp:attachment":[{"href":"https:\/\/silvereco.org\/doc\/wp-json\/wp\/v2\/media?parent=44890"}],"curies":[{"name":"wp","href":"https:\/\/api.w.org\/{rel}","templated":true}]}}