{"id":44883,"date":"2025-10-11T14:31:16","date_gmt":"2025-10-11T12:31:16","guid":{"rendered":"https:\/\/silvereco.org\/doc\/?page_id=44883"},"modified":"2026-01-22T14:10:45","modified_gmt":"2026-01-22T13:10:45","slug":"luzcare-c3-c4-hallc","status":"publish","type":"page","link":"https:\/\/silvereco.org\/doc\/luzcare-c3-c4-hallc\/","title":{"rendered":"LUZCARE \/ C3-C4 \/ HALLC"},"content":{"rendered":"\n<figure class=\"wp-block-image is-resized\"><img decoding=\"async\" src=\"https:\/\/silvereco.org\/festival\/fr\/wp-content\/medias\/2025\/10\/luzcare-25.jpg\" alt=\"\" style=\"width:437px;height:auto\"\/><\/figure>\n\n\n\n<h5 class=\"wp-block-heading\"><\/h5>\n\n\n\n<figure class=\"wp-block-image size-full\"><img loading=\"lazy\" decoding=\"async\" width=\"25\" height=\"24\" src=\"https:\/\/silvereco.org\/doc\/wp-content\/uploads\/2025\/10\/image-76.png\" alt=\"\" class=\"wp-image-45123\"\/><\/figure>\n\n\n\n<p>Luz Care \u2013 Centre de formation d\u2019apprentis et Centre de formation et d\u2019accompagnement VAE.<\/p>\n\n\n\n<p>Luz Care propose des formations en alternance, des Titres Professionnels, des formations continues et obligatoires, de l\u2019accompagnement VAE (validation des acquis de l\u2019exp\u00e9rience), des projets innovants tels que XSAP Game et XCAPE Games, Acad\u00e9mie des S\u00e9niors, Ambassadeurs de l\u2019autonomie. <\/p>\n\n\n\n<p>Certifi\u00e9 QUALIOPI N\u00b0FR072063-1, nous sommes \u00e9galement membre des Acteurs de la Comp\u00e9tence. <\/p>\n\n\n\n<p>Luz Care vous propose des formations personnalis\u00e9es et adapt\u00e9es \u00e0 vos besoins pour mobiliser et d\u00e9ployer les comp\u00e9tences et savoir-faire de chaque professionnel.<\/p>\n\n\n\n<figure class=\"wp-block-image size-full\"><img loading=\"lazy\" decoding=\"async\" width=\"25\" height=\"25\" src=\"https:\/\/silvereco.org\/doc\/wp-content\/uploads\/2025\/10\/image-77.png\" alt=\"\" class=\"wp-image-45124\"\/><\/figure>\n\n\n\n<p>Luz Care is a training center and apprenticeship institution specializing in professional development and VAE (validation of acquired experience) support.<\/p>\n\n\n\n<p>It offers work-study programs, professional certifications, continuing and mandatory training, as well as innovative projects such as XSAP Game, XCAPE Games, the Seniors Academy, and the Ambassadors of Autonomy initiative. Certified QUALIOPI N\u00b0FR072063-1 and a member of <em>Les Acteurs de la Comp\u00e9tence<\/em>, Luz Care provides personalized and tailored training designed to strengthen and develop the skills and expertise of every professional.<\/p>\n\n\n\n<p><strong>Mots Clefs :<\/strong><br>CENTRE DE FORMATION LUZCARE<\/p>\n\n\n\n<p><strong>KeyWords :<\/strong><br>LUZCARE TRAINING CENTER<\/p>\n\n\n\n<p><strong>SilverEco Congr\u00e8s \/ Summits :<\/strong><\/p>\n\n\n\n<p><strong>Contact :<\/strong><br>30-32 AVENUE ANTHONY DOZOL-06150 CANNES LA BOCCA \u2013 France<br>+33 9 53 27 17 86<br>contact@luzcare.fr<br><a href=\"https:\/\/www.luzcare.fr\/\">Website<\/a><\/p>\n","protected":false},"excerpt":{"rendered":"<p>Luz Care \u2013 Centre de formation d\u2019apprentis et Centre de formation et d\u2019accompagnement VAE. Luz Care propose des formations en alternance, des Titres Professionnels, des formations continues et obligatoires, de l\u2019accompagnement VAE (validation des acquis de l\u2019exp\u00e9rience), des projets innovants tels que XSAP Game et XCAPE Games, Acad\u00e9mie des S\u00e9niors, Ambassadeurs de l\u2019autonomie. Certifi\u00e9 QUALIOPI [&hellip;]<\/p>\n","protected":false},"author":639,"featured_media":0,"parent":0,"menu_order":0,"comment_status":"closed","ping_status":"closed","template":"","meta":{"site-sidebar-layout":"default","site-content-layout":"","ast-site-content-layout":"default","site-content-style":"default","site-sidebar-style":"default","ast-global-header-display":"","ast-banner-title-visibility":"","ast-main-header-display":"","ast-hfb-above-header-display":"","ast-hfb-below-header-display":"","ast-hfb-mobile-header-display":"","site-post-title":"","ast-breadcrumbs-content":"","ast-featured-img":"","footer-sml-layout":"","ast-disable-related-posts":"","theme-transparent-header-meta":"","adv-header-id-meta":"","stick-header-meta":"","header-above-stick-meta":"","header-main-stick-meta":"","header-below-stick-meta":"","astra-migrate-meta-layouts":"set","ast-page-background-enabled":"default","ast-page-background-meta":{"desktop":{"background-color":"var(--ast-global-color-4)","background-image":"","background-repeat":"repeat","background-position":"center center","background-size":"auto","background-attachment":"scroll","background-type":"","background-media":"","overlay-type":"","overlay-color":"","overlay-opacity":"","overlay-gradient":""},"tablet":{"background-color":"","background-image":"","background-repeat":"repeat","background-position":"center center","background-size":"auto","background-attachment":"scroll","background-type":"","background-media":"","overlay-type":"","overlay-color":"","overlay-opacity":"","overlay-gradient":""},"mobile":{"background-color":"","background-image":"","background-repeat":"repeat","background-position":"center center","background-size":"auto","background-attachment":"scroll","background-type":"","background-media":"","overlay-type":"","overlay-color":"","overlay-opacity":"","overlay-gradient":""}},"ast-content-background-meta":{"desktop":{"background-color":"var(--ast-global-color-5)","background-image":"","background-repeat":"repeat","background-position":"center center","background-size":"auto","background-attachment":"scroll","background-type":"","background-media":"","overlay-type":"","overlay-color":"","overlay-opacity":"","overlay-gradient":""},"tablet":{"background-color":"var(--ast-global-color-5)","background-image":"","background-repeat":"repeat","background-position":"center center","background-size":"auto","background-attachment":"scroll","background-type":"","background-media":"","overlay-type":"","overlay-color":"","overlay-opacity":"","overlay-gradient":""},"mobile":{"background-color":"var(--ast-global-color-5)","background-image":"","background-repeat":"repeat","background-position":"center center","background-size":"auto","background-attachment":"scroll","background-type":"","background-media":"","overlay-type":"","overlay-color":"","overlay-opacity":"","overlay-gradient":""}},"footnotes":""},"class_list":["post-44883","page","type-page","status-publish","hentry"],"_links":{"self":[{"href":"https:\/\/silvereco.org\/doc\/wp-json\/wp\/v2\/pages\/44883","targetHints":{"allow":["GET"]}}],"collection":[{"href":"https:\/\/silvereco.org\/doc\/wp-json\/wp\/v2\/pages"}],"about":[{"href":"https:\/\/silvereco.org\/doc\/wp-json\/wp\/v2\/types\/page"}],"author":[{"embeddable":true,"href":"https:\/\/silvereco.org\/doc\/wp-json\/wp\/v2\/users\/639"}],"replies":[{"embeddable":true,"href":"https:\/\/silvereco.org\/doc\/wp-json\/wp\/v2\/comments?post=44883"}],"version-history":[{"count":4,"href":"https:\/\/silvereco.org\/doc\/wp-json\/wp\/v2\/pages\/44883\/revisions"}],"predecessor-version":[{"id":45622,"href":"https:\/\/silvereco.org\/doc\/wp-json\/wp\/v2\/pages\/44883\/revisions\/45622"}],"wp:attachment":[{"href":"https:\/\/silvereco.org\/doc\/wp-json\/wp\/v2\/media?parent=44883"}],"curies":[{"name":"wp","href":"https:\/\/api.w.org\/{rel}","templated":true}]}}