{"id":44866,"date":"2025-10-11T14:27:38","date_gmt":"2025-10-11T12:27:38","guid":{"rendered":"https:\/\/silvereco.org\/doc\/?page_id=44866"},"modified":"2026-01-22T14:10:23","modified_gmt":"2026-01-22T13:10:23","slug":"arkea-care-a15-hall-a","status":"publish","type":"page","link":"https:\/\/silvereco.org\/doc\/arkea-care-a15-hall-a\/","title":{"rendered":"ARKEA CARE \/ A15 \/ HALL A"},"content":{"rendered":"\n<figure class=\"wp-block-image is-resized\"><img decoding=\"async\" src=\"https:\/\/silvereco.org\/festival\/fr\/wp-content\/medias\/2025\/10\/arkeacare-25.png\" alt=\"\" style=\"width:397px;height:auto\"\/><\/figure>\n\n\n\n<h5 class=\"wp-block-heading\"><\/h5>\n\n\n\n<figure class=\"wp-block-image size-full\"><img loading=\"lazy\" decoding=\"async\" width=\"25\" height=\"24\" src=\"https:\/\/silvereco.org\/doc\/wp-content\/uploads\/2025\/10\/image-98.png\" alt=\"\" class=\"wp-image-45170\"\/><\/figure>\n\n\n\n<p>Ark\u00e9a Care, filiale du groupe mutualiste Cr\u00e9dit Mutuel Ark\u00e9a, est une entreprise engag\u00e9e dans l\u2019accompagnement des personnes \u00e2g\u00e9es et de leur entourage.<\/p>\n\n\n\n<p>Depuis plus de 10 ans, nous concevons et nous d\u00e9veloppons des services innovants pour faciliter le quotidien des seniors, renforcer leur s\u00e9curit\u00e9 et leur apporter le confort dont ils besoin, \u00e0 domicile comme en \u00e9tablissement d\u2019accueil. <\/p>\n\n\n\n<p>Nous proposons des services de t\u00e9l\u00e9assistance, d\u00e9tection de chute, d\u00e9tection d\u2019errance, t\u00e9l\u00e9consultation m\u00e9dicale et m\u00eame un r\u00e9seau social familial pour lutter contre l\u2019isolement des personnes. <\/p>\n\n\n\n<p>Ark\u00e9a Care distribue ses solutions en direct ou via un r\u00e9seau de partenaires et commercialise en marque blanche son mat\u00e9riel et son plateau de t\u00e9l\u00e9assistance. Soci\u00e9t\u00e9 \u00e0 mission depuis mai 2022, Ark\u00e9a Care s\u2019engage en faveur du bien-vieillir et s\u2019affirme comme un acteur majeur de la t\u00e9l\u00e9assistance en France et en Europe.<\/p>\n\n\n\n<figure class=\"wp-block-image size-full\"><img loading=\"lazy\" decoding=\"async\" width=\"25\" height=\"25\" src=\"https:\/\/silvereco.org\/doc\/wp-content\/uploads\/2025\/10\/image-119.png\" alt=\"\" class=\"wp-image-45214\"\/><\/figure>\n\n\n\n<p>Ark\u00e9a Care, a subsidiary of the Cr\u00e9dit Mutuel Ark\u00e9a mutual group, is a company dedicated to supporting older adults and their families.<\/p>\n\n\n\n<p>For over ten years, it has been designing and developing innovative services to make everyday life easier for seniors, enhance their safety, and provide the comfort they need \u2014 both at home and in care facilities. Its services include telecare, fall and wandering detection, medical teleconsultation, and even a family social network to help combat isolation.<\/p>\n\n\n\n<p>Ark\u00e9a Care distributes its solutions directly and through a network of partners, also offering its telecare equipment and platform under white label. A mission-driven company since May 2022, Ark\u00e9a Care is committed to ageing well and stands as a leading telecare provider in France and Europe.<\/p>\n\n\n\n<p><strong>Mots Clefs :<\/strong><br>t\u00e9l\u00e9assistance, technologie, s\u00e9r\u00e9nit\u00e9, d\u00e9tection de chute, intelligence artificielle<\/p>\n\n\n\n<p><strong>KeyWords :<\/strong><br>Telecare, technology, peace of mind, fall detection, artificial intelligence<\/p>\n\n\n\n<p><strong>SilverEco Congr\u00e8s \/ Summits :<\/strong><br>Living at Home Summit \u2013 le Congr\u00e8s Bien-vieillir chez soi<br>Nursing Home Summit \u2013 le Congr\u00e8s EHPAD, RSS et h\u00e9bergement collectif<br>SilverTech Summit \u2013 le Congr\u00e8s des technologies pour l\u2019autonomie<br>Yes We Care Summit \u2013 le Congr\u00e8s de l\u2019aide aux aidants<\/p>\n\n\n\n<p><strong>Contact :<\/strong><br>11 rue de Kervezennec, 29200 Brest \u2013 France<br>+33 6 74 45 13 26<br>odile.de-parscau@arkea.com<br><a href=\"https:\/\/www.arkeacare.com\/\">Website<\/a><\/p>\n","protected":false},"excerpt":{"rendered":"<p>Ark\u00e9a Care, filiale du groupe mutualiste Cr\u00e9dit Mutuel Ark\u00e9a, est une entreprise engag\u00e9e dans l\u2019accompagnement des personnes \u00e2g\u00e9es et de leur entourage. Depuis plus de 10 ans, nous concevons et nous d\u00e9veloppons des services innovants pour faciliter le quotidien des seniors, renforcer leur s\u00e9curit\u00e9 et leur apporter le confort dont ils besoin, \u00e0 domicile comme [&hellip;]<\/p>\n","protected":false},"author":639,"featured_media":0,"parent":0,"menu_order":0,"comment_status":"closed","ping_status":"closed","template":"","meta":{"site-sidebar-layout":"default","site-content-layout":"","ast-site-content-layout":"default","site-content-style":"default","site-sidebar-style":"default","ast-global-header-display":"","ast-banner-title-visibility":"","ast-main-header-display":"","ast-hfb-above-header-display":"","ast-hfb-below-header-display":"","ast-hfb-mobile-header-display":"","site-post-title":"","ast-breadcrumbs-content":"","ast-featured-img":"","footer-sml-layout":"","ast-disable-related-posts":"","theme-transparent-header-meta":"","adv-header-id-meta":"","stick-header-meta":"","header-above-stick-meta":"","header-main-stick-meta":"","header-below-stick-meta":"","astra-migrate-meta-layouts":"set","ast-page-background-enabled":"default","ast-page-background-meta":{"desktop":{"background-color":"var(--ast-global-color-4)","background-image":"","background-repeat":"repeat","background-position":"center center","background-size":"auto","background-attachment":"scroll","background-type":"","background-media":"","overlay-type":"","overlay-color":"","overlay-opacity":"","overlay-gradient":""},"tablet":{"background-color":"","background-image":"","background-repeat":"repeat","background-position":"center center","background-size":"auto","background-attachment":"scroll","background-type":"","background-media":"","overlay-type":"","overlay-color":"","overlay-opacity":"","overlay-gradient":""},"mobile":{"background-color":"","background-image":"","background-repeat":"repeat","background-position":"center center","background-size":"auto","background-attachment":"scroll","background-type":"","background-media":"","overlay-type":"","overlay-color":"","overlay-opacity":"","overlay-gradient":""}},"ast-content-background-meta":{"desktop":{"background-color":"var(--ast-global-color-5)","background-image":"","background-repeat":"repeat","background-position":"center center","background-size":"auto","background-attachment":"scroll","background-type":"","background-media":"","overlay-type":"","overlay-color":"","overlay-opacity":"","overlay-gradient":""},"tablet":{"background-color":"var(--ast-global-color-5)","background-image":"","background-repeat":"repeat","background-position":"center center","background-size":"auto","background-attachment":"scroll","background-type":"","background-media":"","overlay-type":"","overlay-color":"","overlay-opacity":"","overlay-gradient":""},"mobile":{"background-color":"var(--ast-global-color-5)","background-image":"","background-repeat":"repeat","background-position":"center center","background-size":"auto","background-attachment":"scroll","background-type":"","background-media":"","overlay-type":"","overlay-color":"","overlay-opacity":"","overlay-gradient":""}},"footnotes":""},"class_list":["post-44866","page","type-page","status-publish","hentry"],"_links":{"self":[{"href":"https:\/\/silvereco.org\/doc\/wp-json\/wp\/v2\/pages\/44866","targetHints":{"allow":["GET"]}}],"collection":[{"href":"https:\/\/silvereco.org\/doc\/wp-json\/wp\/v2\/pages"}],"about":[{"href":"https:\/\/silvereco.org\/doc\/wp-json\/wp\/v2\/types\/page"}],"author":[{"embeddable":true,"href":"https:\/\/silvereco.org\/doc\/wp-json\/wp\/v2\/users\/639"}],"replies":[{"embeddable":true,"href":"https:\/\/silvereco.org\/doc\/wp-json\/wp\/v2\/comments?post=44866"}],"version-history":[{"count":5,"href":"https:\/\/silvereco.org\/doc\/wp-json\/wp\/v2\/pages\/44866\/revisions"}],"predecessor-version":[{"id":45571,"href":"https:\/\/silvereco.org\/doc\/wp-json\/wp\/v2\/pages\/44866\/revisions\/45571"}],"wp:attachment":[{"href":"https:\/\/silvereco.org\/doc\/wp-json\/wp\/v2\/media?parent=44866"}],"curies":[{"name":"wp","href":"https:\/\/api.w.org\/{rel}","templated":true}]}}