{"id":44857,"date":"2025-10-11T14:21:05","date_gmt":"2025-10-11T12:21:05","guid":{"rendered":"https:\/\/silvereco.org\/doc\/?page_id=44857"},"modified":"2026-01-22T14:10:23","modified_gmt":"2026-01-22T13:10:23","slug":"fonciere-les-syneos-de-laccessible-c20-hallc","status":"publish","type":"page","link":"https:\/\/silvereco.org\/doc\/fonciere-les-syneos-de-laccessible-c20-hallc\/","title":{"rendered":"Fonci\u00e8re les Syn\u00e9os de L\u2019Accessible \/ C20 \/ HALLC"},"content":{"rendered":"\n<figure class=\"wp-block-image size-large is-resized\"><img loading=\"lazy\" decoding=\"async\" width=\"1024\" height=\"339\" src=\"https:\/\/silvereco.org\/doc\/wp-content\/uploads\/2025\/10\/image-2-1024x339.png\" alt=\"\" class=\"wp-image-44869\" style=\"width:411px;height:auto\" srcset=\"https:\/\/silvereco.org\/doc\/wp-content\/uploads\/2025\/10\/image-2-1024x339.png 1024w, https:\/\/silvereco.org\/doc\/wp-content\/uploads\/2025\/10\/image-2-300x99.png 300w, https:\/\/silvereco.org\/doc\/wp-content\/uploads\/2025\/10\/image-2-768x254.png 768w, https:\/\/silvereco.org\/doc\/wp-content\/uploads\/2025\/10\/image-2.png 1131w\" sizes=\"auto, (max-width: 1024px) 100vw, 1024px\" \/><\/figure>\n\n\n\n<h5 class=\"wp-block-heading\"><\/h5>\n\n\n\n<figure class=\"wp-block-image size-full\"><img loading=\"lazy\" decoding=\"async\" width=\"25\" height=\"24\" src=\"https:\/\/silvereco.org\/doc\/wp-content\/uploads\/2025\/10\/image-106.png\" alt=\"\" class=\"wp-image-45182\"\/><\/figure>\n\n\n\n<p>Fonci\u00e8re ESS d\u00e9di\u00e9e \u00e0 l\u2019habitat inclusif interg\u00e9n\u00e9rationnel, Les Syn\u00e9os de l\u2019Accessible con\u00e7oit, finance et op\u00e8re des r\u00e9sidences autour d\u2019une Agora ouverte au territoire : pr\u00e9vention, ateliers, caf\u00e9s aidants, m\u00e9diation num\u00e9rique, nutrition\/cuisine d\u2019application, coworking-sant\u00e9 et t\u00e9l\u00e9m\u00e9decine.<\/p>\n\n\n\n<p>D\u00e8s la conception, nos logements int\u00e8grent SYNA (plateforme num\u00e9rique, r\u00e9seau social s\u00e9curis\u00e9, domotique \u00e9thique) pour des alertes utiles non intrusives et une coordination simple entre r\u00e9sidents, aidants et professionnels. Notre mod\u00e8le est sobre et soutenable : autoconsommation solaire collective et mutualisation des services (\u00e9nergie, maintenance, t\u00e9l\u00e9assistance, logistique) pour r\u00e9duire durablement les charges et la pr\u00e9carit\u00e9 \u00e9nerg\u00e9tique des seniors. <\/p>\n\n\n\n<p>Au Festival, nous pr\u00e9sentons : le mod\u00e8le d\u2019Agora, les principaux cas d\u2019usage SYNA, le sch\u00e9ma de mutualisation &amp; \u00e9nergie, et nos sites pilotes: Quinsac (33) , Carcassonne (11). Partenaires cl\u00e9s : Vo\u00efth\u00e9a (SYNAVie), Accessible D\u00e9veloppement, SYNACare, Domosud Technologies, Legrand &amp; Legrand Care. Objectif visiteurs : \u00e9lus\/collectivit\u00e9s, bailleurs, op\u00e9rateurs m\u00e9dico-sociaux, associations d\u2019aidants, investisseurs \u00e0 impact. <\/p>\n\n\n\n<figure class=\"wp-block-image size-full\"><img loading=\"lazy\" decoding=\"async\" width=\"25\" height=\"25\" src=\"https:\/\/silvereco.org\/doc\/wp-content\/uploads\/2025\/10\/image-127.png\" alt=\"\" class=\"wp-image-45231\"\/><\/figure>\n\n\n\n<p>Impact-driven social real estate (ESS) for inclusive, intergenerational housing. We develop residences built around an open Agora (prevention, caregiver caf\u00e9s, digital inclusion, nutrition lab, health coworking, telemedicine) and embed SYNA from day one (secure social network + ethical home automation) for useful, non-intrusive alerts and easy coordination. <\/p>\n\n\n\n<p>With collective solar self-consumption and shared services, we lower costs and fight energy insecurity among seniors.<\/p>\n\n\n\n<p> At the Festival: Agora model, SYNA use cases, energy &amp; services sharing and pilot sites (Quinsac, Carcassonne). Key partners: SYNAVie (Vo\u00efth\u00e9a), Accessible D\u00e9veloppement, SYNACare, Domosud Technologies, Legrand &amp; Legrand Care.<\/p>\n\n\n\n<p><strong>Mots Clefs :<\/strong><br>habitat inclusif interg\u00e9n\u00e9rationnel, pr\u00e9vention, ateliers, caf\u00e9s aidants, m\u00e9diation num\u00e9rique, nutrition\/cuisine d\u2019application, coworking-sant\u00e9, t\u00e9l\u00e9m\u00e9decine<\/p>\n\n\n\n<p><strong>KeyWords :<\/strong><br>intergenerational housing, prevention, caregiver caf\u00e9s, digital inclusion, nutrition lab, health coworking, telemedicine<\/p>\n\n\n\n<p><strong>SilverEco Congr\u00e8s \/ Summits :<\/strong><br>Living at Home Summit \u2013 le Congr\u00e8s Bien-vieillir chez soi<br>Nursing Home Summit \u2013 le Congr\u00e8s EHPAD, RSS et h\u00e9bergement collectif<br>SilverTech Summit \u2013 le Congr\u00e8s des technologies pour l\u2019autonomie<\/p>\n\n\n\n<p><strong>Contact :<\/strong><br>1781 BOULEVARD EUGENE BRIEUX \u2013 France<br>+33 6 59 56 30 04<br>contact@syneos-ess.fr<br><a href=\"https:\/\/syneos-ess.fr\/\">Website<\/a><\/p>\n","protected":false},"excerpt":{"rendered":"<p>Fonci\u00e8re ESS d\u00e9di\u00e9e \u00e0 l\u2019habitat inclusif interg\u00e9n\u00e9rationnel, Les Syn\u00e9os de l\u2019Accessible con\u00e7oit, finance et op\u00e8re des r\u00e9sidences autour d\u2019une Agora ouverte au territoire : pr\u00e9vention, ateliers, caf\u00e9s aidants, m\u00e9diation num\u00e9rique, nutrition\/cuisine d\u2019application, coworking-sant\u00e9 et t\u00e9l\u00e9m\u00e9decine. D\u00e8s la conception, nos logements int\u00e8grent SYNA (plateforme num\u00e9rique, r\u00e9seau social s\u00e9curis\u00e9, domotique \u00e9thique) pour des alertes utiles non intrusives [&hellip;]<\/p>\n","protected":false},"author":639,"featured_media":0,"parent":0,"menu_order":0,"comment_status":"closed","ping_status":"closed","template":"","meta":{"site-sidebar-layout":"default","site-content-layout":"","ast-site-content-layout":"default","site-content-style":"default","site-sidebar-style":"default","ast-global-header-display":"","ast-banner-title-visibility":"","ast-main-header-display":"","ast-hfb-above-header-display":"","ast-hfb-below-header-display":"","ast-hfb-mobile-header-display":"","site-post-title":"","ast-breadcrumbs-content":"","ast-featured-img":"","footer-sml-layout":"","ast-disable-related-posts":"","theme-transparent-header-meta":"","adv-header-id-meta":"","stick-header-meta":"","header-above-stick-meta":"","header-main-stick-meta":"","header-below-stick-meta":"","astra-migrate-meta-layouts":"set","ast-page-background-enabled":"default","ast-page-background-meta":{"desktop":{"background-color":"var(--ast-global-color-4)","background-image":"","background-repeat":"repeat","background-position":"center center","background-size":"auto","background-attachment":"scroll","background-type":"","background-media":"","overlay-type":"","overlay-color":"","overlay-opacity":"","overlay-gradient":""},"tablet":{"background-color":"","background-image":"","background-repeat":"repeat","background-position":"center center","background-size":"auto","background-attachment":"scroll","background-type":"","background-media":"","overlay-type":"","overlay-color":"","overlay-opacity":"","overlay-gradient":""},"mobile":{"background-color":"","background-image":"","background-repeat":"repeat","background-position":"center center","background-size":"auto","background-attachment":"scroll","background-type":"","background-media":"","overlay-type":"","overlay-color":"","overlay-opacity":"","overlay-gradient":""}},"ast-content-background-meta":{"desktop":{"background-color":"var(--ast-global-color-5)","background-image":"","background-repeat":"repeat","background-position":"center center","background-size":"auto","background-attachment":"scroll","background-type":"","background-media":"","overlay-type":"","overlay-color":"","overlay-opacity":"","overlay-gradient":""},"tablet":{"background-color":"var(--ast-global-color-5)","background-image":"","background-repeat":"repeat","background-position":"center center","background-size":"auto","background-attachment":"scroll","background-type":"","background-media":"","overlay-type":"","overlay-color":"","overlay-opacity":"","overlay-gradient":""},"mobile":{"background-color":"var(--ast-global-color-5)","background-image":"","background-repeat":"repeat","background-position":"center center","background-size":"auto","background-attachment":"scroll","background-type":"","background-media":"","overlay-type":"","overlay-color":"","overlay-opacity":"","overlay-gradient":""}},"footnotes":""},"class_list":["post-44857","page","type-page","status-publish","hentry"],"_links":{"self":[{"href":"https:\/\/silvereco.org\/doc\/wp-json\/wp\/v2\/pages\/44857","targetHints":{"allow":["GET"]}}],"collection":[{"href":"https:\/\/silvereco.org\/doc\/wp-json\/wp\/v2\/pages"}],"about":[{"href":"https:\/\/silvereco.org\/doc\/wp-json\/wp\/v2\/types\/page"}],"author":[{"embeddable":true,"href":"https:\/\/silvereco.org\/doc\/wp-json\/wp\/v2\/users\/639"}],"replies":[{"embeddable":true,"href":"https:\/\/silvereco.org\/doc\/wp-json\/wp\/v2\/comments?post=44857"}],"version-history":[{"count":4,"href":"https:\/\/silvereco.org\/doc\/wp-json\/wp\/v2\/pages\/44857\/revisions"}],"predecessor-version":[{"id":45593,"href":"https:\/\/silvereco.org\/doc\/wp-json\/wp\/v2\/pages\/44857\/revisions\/45593"}],"wp:attachment":[{"href":"https:\/\/silvereco.org\/doc\/wp-json\/wp\/v2\/media?parent=44857"}],"curies":[{"name":"wp","href":"https:\/\/api.w.org\/{rel}","templated":true}]}}