{"id":44836,"date":"2025-10-11T14:09:19","date_gmt":"2025-10-11T12:09:19","guid":{"rendered":"https:\/\/silvereco.org\/doc\/?page_id=44836"},"modified":"2026-01-22T14:10:46","modified_gmt":"2026-01-22T13:10:46","slug":"silver-alliance-b15-hall-b","status":"publish","type":"page","link":"https:\/\/silvereco.org\/doc\/silver-alliance-b15-hall-b\/","title":{"rendered":"Silver Alliance \/ B15 \/ HALL B"},"content":{"rendered":"\n<figure class=\"wp-block-image is-resized\"><img decoding=\"async\" src=\"https:\/\/silvereco.org\/festival\/fr\/wp-content\/medias\/2025\/10\/silveralliance-25.png\" alt=\"\" style=\"width:414px;height:auto\"\/><\/figure>\n\n\n\n<h5 class=\"wp-block-heading\"><\/h5>\n\n\n\n<figure class=\"wp-block-image size-full\"><img loading=\"lazy\" decoding=\"async\" width=\"25\" height=\"24\" src=\"https:\/\/silvereco.org\/doc\/wp-content\/uploads\/2025\/10\/image-116.png\" alt=\"\" class=\"wp-image-45207\"\/><\/figure>\n\n\n\n<p>La Silver Alliance est un groupement d\u2019entreprises pionnier dans le domaine du bien vieillir \u00e0 domicile. <br>Elle f\u00e9d\u00e8re des acteurs de la Silver \u00e9conomie, qui s\u2019engagent \u00e0 offrir des solutions novatrices et adapt\u00e9es aux seniors pour am\u00e9liorer leur qualit\u00e9 de vie \u00e0 domicile.<\/p>\n\n\n\n<p>La Silver Alliance permet \u00e0 ses membres de nouer des relations de confiance pour d\u00e9velopper des synergies, des partenariats et de nouveaux produits et services au b\u00e9n\u00e9fice des personnes \u00e2g\u00e9es. L\u2019alliance vise \u00e9galement \u00e0 promouvoir l\u2019autonomie, le bien-\u00eatre et l\u2019inclusion sociale des seniors. <\/p>\n\n\n\n<p>Forte des expertises de ses membres, Silver Alliance a d\u00e9velopp\u00e9 de nouveaux produits, notamment une offre de conseil et des journ\u00e9es de pr\u00e9vention sant\u00e9. Silver Alliance a \u00e9galement cr\u00e9\u00e9 l\u2019op\u00e9ration R\u00eaves de Seniors pour lutter contre l\u2019\u00e2gisme.<\/p>\n\n\n\n<figure class=\"wp-block-image size-full\"><img loading=\"lazy\" decoding=\"async\" width=\"25\" height=\"25\" src=\"https:\/\/silvereco.org\/doc\/wp-content\/uploads\/2025\/10\/image-137.png\" alt=\"\" class=\"wp-image-45251\"\/><\/figure>\n\n\n\n<p>The Silver Alliance is a pioneering group of companies dedicated to ageing well at home.<\/p>\n\n\n\n<p>It brings together key players in the Silver Economy committed to providing innovative, tailored solutions that improve the quality of life of older adults in their own homes. The Alliance fosters trust-based relationships among its members to encourage synergies, partnerships, and the development of new products and services that benefit seniors. It also works to promote autonomy, wellbeing, and social inclusion.<\/p>\n\n\n\n<p>Building on its members\u2019 expertise, Silver Alliance has launched new initiatives, including consulting services and preventive health days. It also created the \u201cR\u00eaves de Seniors\u201d (Seniors\u2019 Dreams) campaign to combat ageism and celebrate the aspirations of older adults.<\/p>\n\n\n\n<p><strong>Mots Clefs :<\/strong><br>mieux vieillir ; alliance de marques ; conseil sur la transition d\u00e9mographique<\/p>\n\n\n\n<p><strong>KeyWords :<\/strong><br>ageing better; brand alliance; demographic transition consulting<\/p>\n\n\n\n<p><strong>SilverEco Congr\u00e8s \/ Summits :<\/strong><br>Living at Home Summit \u2013 le Congr\u00e8s Bien-vieillir chez soi<br>Nursing Home Summit \u2013 le Congr\u00e8s EHPAD, RSS et h\u00e9bergement collectif<br>SilverTech Summit \u2013 le Congr\u00e8s des technologies pour l\u2019autonomie<\/p>\n\n\n\n<p><strong>Contact :<\/strong><br>85 Bd Marie et Alexandre Oyon, 72100 Le Mans \u2013 France<br><a href=\"https:\/\/www.silveralliance.com\/\">Website<\/a><\/p>\n","protected":false},"excerpt":{"rendered":"<p>La Silver Alliance est un groupement d\u2019entreprises pionnier dans le domaine du bien vieillir \u00e0 domicile. Elle f\u00e9d\u00e8re des acteurs de la Silver \u00e9conomie, qui s\u2019engagent \u00e0 offrir des solutions novatrices et adapt\u00e9es aux seniors pour am\u00e9liorer leur qualit\u00e9 de vie \u00e0 domicile. La Silver Alliance permet \u00e0 ses membres de nouer des relations de [&hellip;]<\/p>\n","protected":false},"author":639,"featured_media":0,"parent":0,"menu_order":0,"comment_status":"closed","ping_status":"closed","template":"","meta":{"site-sidebar-layout":"default","site-content-layout":"","ast-site-content-layout":"default","site-content-style":"default","site-sidebar-style":"default","ast-global-header-display":"","ast-banner-title-visibility":"","ast-main-header-display":"","ast-hfb-above-header-display":"","ast-hfb-below-header-display":"","ast-hfb-mobile-header-display":"","site-post-title":"","ast-breadcrumbs-content":"","ast-featured-img":"","footer-sml-layout":"","ast-disable-related-posts":"","theme-transparent-header-meta":"","adv-header-id-meta":"","stick-header-meta":"","header-above-stick-meta":"","header-main-stick-meta":"","header-below-stick-meta":"","astra-migrate-meta-layouts":"set","ast-page-background-enabled":"default","ast-page-background-meta":{"desktop":{"background-color":"var(--ast-global-color-4)","background-image":"","background-repeat":"repeat","background-position":"center center","background-size":"auto","background-attachment":"scroll","background-type":"","background-media":"","overlay-type":"","overlay-color":"","overlay-opacity":"","overlay-gradient":""},"tablet":{"background-color":"","background-image":"","background-repeat":"repeat","background-position":"center center","background-size":"auto","background-attachment":"scroll","background-type":"","background-media":"","overlay-type":"","overlay-color":"","overlay-opacity":"","overlay-gradient":""},"mobile":{"background-color":"","background-image":"","background-repeat":"repeat","background-position":"center center","background-size":"auto","background-attachment":"scroll","background-type":"","background-media":"","overlay-type":"","overlay-color":"","overlay-opacity":"","overlay-gradient":""}},"ast-content-background-meta":{"desktop":{"background-color":"var(--ast-global-color-5)","background-image":"","background-repeat":"repeat","background-position":"center center","background-size":"auto","background-attachment":"scroll","background-type":"","background-media":"","overlay-type":"","overlay-color":"","overlay-opacity":"","overlay-gradient":""},"tablet":{"background-color":"var(--ast-global-color-5)","background-image":"","background-repeat":"repeat","background-position":"center center","background-size":"auto","background-attachment":"scroll","background-type":"","background-media":"","overlay-type":"","overlay-color":"","overlay-opacity":"","overlay-gradient":""},"mobile":{"background-color":"var(--ast-global-color-5)","background-image":"","background-repeat":"repeat","background-position":"center center","background-size":"auto","background-attachment":"scroll","background-type":"","background-media":"","overlay-type":"","overlay-color":"","overlay-opacity":"","overlay-gradient":""}},"footnotes":""},"class_list":["post-44836","page","type-page","status-publish","hentry"],"_links":{"self":[{"href":"https:\/\/silvereco.org\/doc\/wp-json\/wp\/v2\/pages\/44836","targetHints":{"allow":["GET"]}}],"collection":[{"href":"https:\/\/silvereco.org\/doc\/wp-json\/wp\/v2\/pages"}],"about":[{"href":"https:\/\/silvereco.org\/doc\/wp-json\/wp\/v2\/types\/page"}],"author":[{"embeddable":true,"href":"https:\/\/silvereco.org\/doc\/wp-json\/wp\/v2\/users\/639"}],"replies":[{"embeddable":true,"href":"https:\/\/silvereco.org\/doc\/wp-json\/wp\/v2\/comments?post=44836"}],"version-history":[{"count":4,"href":"https:\/\/silvereco.org\/doc\/wp-json\/wp\/v2\/pages\/44836\/revisions"}],"predecessor-version":[{"id":45654,"href":"https:\/\/silvereco.org\/doc\/wp-json\/wp\/v2\/pages\/44836\/revisions\/45654"}],"wp:attachment":[{"href":"https:\/\/silvereco.org\/doc\/wp-json\/wp\/v2\/media?parent=44836"}],"curies":[{"name":"wp","href":"https:\/\/api.w.org\/{rel}","templated":true}]}}