{"id":44818,"date":"2025-10-11T14:01:20","date_gmt":"2025-10-11T12:01:20","guid":{"rendered":"https:\/\/silvereco.org\/doc\/?page_id=44818"},"modified":"2026-01-22T14:10:45","modified_gmt":"2026-01-22T13:10:45","slug":"lorenzos-house-b4-hall-b","status":"publish","type":"page","link":"https:\/\/silvereco.org\/doc\/lorenzos-house-b4-hall-b\/","title":{"rendered":"Lorenzo\u2019s House \/ B4 \/ HALL B"},"content":{"rendered":"\n<figure class=\"wp-block-image is-resized\"><img decoding=\"async\" src=\"https:\/\/silvereco.org\/festival\/fr\/wp-content\/medias\/2025\/10\/LorenzosHouse-25.png\" alt=\"\" style=\"width:496px;height:auto\"\/><\/figure>\n\n\n\n<h5 class=\"wp-block-heading\"><\/h5>\n\n\n\n<figure class=\"wp-block-image size-full\"><img loading=\"lazy\" decoding=\"async\" width=\"25\" height=\"25\" src=\"https:\/\/silvereco.org\/doc\/wp-content\/uploads\/2025\/10\/image-191.png\" alt=\"\" class=\"wp-image-45352\"\/><\/figure>\n\n\n\n<p>Lorenzo\u2019s House is a global nonprofit organization that empowers the sons, daughters, children and their families affected by younger-onset dementia through healing in community and advocating for dementia justice.<\/p>\n\n\n\n<figure class=\"wp-block-image size-full\"><img loading=\"lazy\" decoding=\"async\" width=\"25\" height=\"24\" src=\"https:\/\/silvereco.org\/doc\/wp-content\/uploads\/2025\/10\/image-144.png\" alt=\"\" class=\"wp-image-45261\"\/><\/figure>\n\n\n\n<p>Lorenzo\u2019s House est une organisation mondiale \u00e0 but non lucratif qui soutient les enfants, les familles et les proches touch\u00e9s par une d\u00e9mence \u00e0 d\u00e9but pr\u00e9coce, en favorisant la gu\u00e9rison au sein de la communaut\u00e9 et en d\u00e9fendant la justice pour les personnes concern\u00e9es par la d\u00e9mence.<\/p>\n\n\n\n<p><strong>Mots Clefs :<\/strong><br>D\u00e9mence \u00e0 d\u00e9but pr\u00e9coce, Soutien familial, Programmes pour les jeunes, Innovation, \u00c9ducation sur la d\u00e9mence, Sensibilisation et plaidoyer, International, Soutien aux aidants<\/p>\n\n\n\n<p><strong>KeyWords :<\/strong><br>Younger-onset dementia, Family support, Youth programs, Innovative, Dementia education, Awareness and advocacy, Global, CarePartner Support<\/p>\n\n\n\n<p><strong>SilverEco Congr\u00e8s \/ Summits :<\/strong><br>Living at Home Summit \u2013 le Congr\u00e8s Bien-vieillir chez soi<br>Nursing Home Summit \u2013 le Congr\u00e8s EHPAD, RSS et h\u00e9bergement collectif<br>Yes We Care Summit \u2013 le Congr\u00e8s de l\u2019aide aux aidants<br>Healthy Ageing Summit \u2013 le Congr\u00e8s Sant\u00e9 e-Sant\u00e9<\/p>\n\n\n\n<p><strong>Contact :<\/strong><br>Global Office: 5145 N. Glenwood Ave, Chicago, IL 60640 \u2013 USA<br>info@lorenzoshouse.org<br><a href=\"https:\/\/lorenzoshouse.org\/\">Website<\/a><\/p>\n","protected":false},"excerpt":{"rendered":"<p>Lorenzo\u2019s House is a global nonprofit organization that empowers the sons, daughters, children and their families affected by younger-onset dementia through healing in community and advocating for dementia justice. Lorenzo\u2019s House est une organisation mondiale \u00e0 but non lucratif qui soutient les enfants, les familles et les proches touch\u00e9s par une d\u00e9mence \u00e0 d\u00e9but pr\u00e9coce, [&hellip;]<\/p>\n","protected":false},"author":639,"featured_media":0,"parent":0,"menu_order":0,"comment_status":"closed","ping_status":"closed","template":"","meta":{"site-sidebar-layout":"default","site-content-layout":"","ast-site-content-layout":"default","site-content-style":"default","site-sidebar-style":"default","ast-global-header-display":"","ast-banner-title-visibility":"","ast-main-header-display":"","ast-hfb-above-header-display":"","ast-hfb-below-header-display":"","ast-hfb-mobile-header-display":"","site-post-title":"","ast-breadcrumbs-content":"","ast-featured-img":"","footer-sml-layout":"","ast-disable-related-posts":"","theme-transparent-header-meta":"","adv-header-id-meta":"","stick-header-meta":"","header-above-stick-meta":"","header-main-stick-meta":"","header-below-stick-meta":"","astra-migrate-meta-layouts":"set","ast-page-background-enabled":"default","ast-page-background-meta":{"desktop":{"background-color":"var(--ast-global-color-4)","background-image":"","background-repeat":"repeat","background-position":"center center","background-size":"auto","background-attachment":"scroll","background-type":"","background-media":"","overlay-type":"","overlay-color":"","overlay-opacity":"","overlay-gradient":""},"tablet":{"background-color":"","background-image":"","background-repeat":"repeat","background-position":"center center","background-size":"auto","background-attachment":"scroll","background-type":"","background-media":"","overlay-type":"","overlay-color":"","overlay-opacity":"","overlay-gradient":""},"mobile":{"background-color":"","background-image":"","background-repeat":"repeat","background-position":"center center","background-size":"auto","background-attachment":"scroll","background-type":"","background-media":"","overlay-type":"","overlay-color":"","overlay-opacity":"","overlay-gradient":""}},"ast-content-background-meta":{"desktop":{"background-color":"var(--ast-global-color-5)","background-image":"","background-repeat":"repeat","background-position":"center center","background-size":"auto","background-attachment":"scroll","background-type":"","background-media":"","overlay-type":"","overlay-color":"","overlay-opacity":"","overlay-gradient":""},"tablet":{"background-color":"var(--ast-global-color-5)","background-image":"","background-repeat":"repeat","background-position":"center center","background-size":"auto","background-attachment":"scroll","background-type":"","background-media":"","overlay-type":"","overlay-color":"","overlay-opacity":"","overlay-gradient":""},"mobile":{"background-color":"var(--ast-global-color-5)","background-image":"","background-repeat":"repeat","background-position":"center center","background-size":"auto","background-attachment":"scroll","background-type":"","background-media":"","overlay-type":"","overlay-color":"","overlay-opacity":"","overlay-gradient":""}},"footnotes":""},"class_list":["post-44818","page","type-page","status-publish","hentry"],"_links":{"self":[{"href":"https:\/\/silvereco.org\/doc\/wp-json\/wp\/v2\/pages\/44818","targetHints":{"allow":["GET"]}}],"collection":[{"href":"https:\/\/silvereco.org\/doc\/wp-json\/wp\/v2\/pages"}],"about":[{"href":"https:\/\/silvereco.org\/doc\/wp-json\/wp\/v2\/types\/page"}],"author":[{"embeddable":true,"href":"https:\/\/silvereco.org\/doc\/wp-json\/wp\/v2\/users\/639"}],"replies":[{"embeddable":true,"href":"https:\/\/silvereco.org\/doc\/wp-json\/wp\/v2\/comments?post=44818"}],"version-history":[{"count":4,"href":"https:\/\/silvereco.org\/doc\/wp-json\/wp\/v2\/pages\/44818\/revisions"}],"predecessor-version":[{"id":45623,"href":"https:\/\/silvereco.org\/doc\/wp-json\/wp\/v2\/pages\/44818\/revisions\/45623"}],"wp:attachment":[{"href":"https:\/\/silvereco.org\/doc\/wp-json\/wp\/v2\/media?parent=44818"}],"curies":[{"name":"wp","href":"https:\/\/api.w.org\/{rel}","templated":true}]}}