{"id":44814,"date":"2025-10-11T13:58:51","date_gmt":"2025-10-11T11:58:51","guid":{"rendered":"https:\/\/silvereco.org\/doc\/?page_id=44814"},"modified":"2026-01-22T14:10:46","modified_gmt":"2026-01-22T13:10:46","slug":"silver-innov-a22-hall-a","status":"publish","type":"page","link":"https:\/\/silvereco.org\/doc\/silver-innov-a22-hall-a\/","title":{"rendered":"Silver innov\u2019 \/ A22 \/ HALL A"},"content":{"rendered":"\n<figure class=\"wp-block-image is-resized\"><img decoding=\"async\" src=\"https:\/\/silvereco.org\/festival\/fr\/wp-content\/medias\/2025\/10\/silverinnov-25.png\" alt=\"\" style=\"width:413px;height:auto\"\/><\/figure>\n\n\n\n<h5 class=\"wp-block-heading\"><\/h5>\n\n\n\n<figure class=\"wp-block-image size-full\"><img loading=\"lazy\" decoding=\"async\" width=\"25\" height=\"24\" src=\"https:\/\/silvereco.org\/doc\/wp-content\/uploads\/2025\/10\/image-150.png\" alt=\"\" class=\"wp-image-45274\"\/><\/figure>\n\n\n\n<p>Acc\u00e9l\u00e9rateur public d\u2019innovation au service du mieux vieillir, du handicap et de l\u2019autonomie, Silver innov\u2019 propose un h\u00e9bergement Plug &amp; Play et un accompagnement adapt\u00e9 en individuel ou collectif.<\/p>\n\n\n\n<p>Silver innov\u2019 d\u00e9veloppe des partenariats pour acc\u00e9l\u00e9rer et exp\u00e9rimenter les solutions des startups, anime la communaut\u00e9, organise et accueille de nombreux \u00e9v\u00e8nements pour faciliter l\u2019int\u00e9gration des startups dans l\u2019\u00e9cosyst\u00e8me. <\/p>\n\n\n\n<p>Silver innov\u2019 c\u2019est 4000 m\u00b2 hautement performant offrant : bureaux privatifs, coworking inclusif, laboratoires P1, un large show-room de 230 m\u00b2, salles de r\u00e9union, de conf\u00e9rence, terrasses, \u2026<\/p>\n\n\n\n<figure class=\"wp-block-image size-full\"><img loading=\"lazy\" decoding=\"async\" width=\"25\" height=\"25\" src=\"https:\/\/silvereco.org\/doc\/wp-content\/uploads\/2025\/10\/image-187.png\" alt=\"\" class=\"wp-image-45344\"\/><\/figure>\n\n\n\n<p>As a public innovation accelerator dedicated to ageing well, disability, and autonomy, Silver innov\u2019 offers Plug &amp; Play accommodation and tailored support for startups, both individually and collectively.<\/p>\n\n\n\n<p>Silver innov\u2019 builds partnerships to accelerate and test startup solutions, fosters community engagement, and hosts numerous events to ease their integration into the broader ecosystem. Its 4,000 m\u00b2 high-performance facility includes private offices, inclusive coworking spaces, P1 laboratories, a 230 m\u00b2 showroom, meeting and conference rooms, and terraces \u2014 all designed to drive innovation in the Silver Economy.<\/p>\n\n\n\n<p><strong>Mots Clefs :<\/strong><br>espace de travail, silver \u00e9conomie, autonomie, innovation, accompagnement, partenariat, startup, \u00e9v\u00e8nement<\/p>\n\n\n\n<p><strong>KeyWords :<\/strong><br>workspace, silver economy, autonomy, innovation, support, partnership, startup, event<\/p>\n\n\n\n<p><strong>SilverEco Congr\u00e8s \/ Summits :<\/strong><br>Living at Home Summit \u2013 le Congr\u00e8s Bien-vieillir chez soi<br>SilverTech Summit \u2013 le Congr\u00e8s des technologies pour l\u2019autonomie<br>Healthy Ageing Summit \u2013 le Congr\u00e8s Sant\u00e9 e-Sant\u00e9<\/p>\n\n\n\n<p><strong>Contact :<\/strong><br>54 rue Moli\u00e8re Ivry sur Seine \u2013 France<br>anouk.serreau@silver-innov.fr<br><a href=\"https:\/\/silver-innov.fr\/\">Website<\/a><\/p>\n","protected":false},"excerpt":{"rendered":"<p>Acc\u00e9l\u00e9rateur public d\u2019innovation au service du mieux vieillir, du handicap et de l\u2019autonomie, Silver innov\u2019 propose un h\u00e9bergement Plug &amp; Play et un accompagnement adapt\u00e9 en individuel ou collectif. Silver innov\u2019 d\u00e9veloppe des partenariats pour acc\u00e9l\u00e9rer et exp\u00e9rimenter les solutions des startups, anime la communaut\u00e9, organise et accueille de nombreux \u00e9v\u00e8nements pour faciliter l\u2019int\u00e9gration des [&hellip;]<\/p>\n","protected":false},"author":639,"featured_media":0,"parent":0,"menu_order":0,"comment_status":"closed","ping_status":"closed","template":"","meta":{"site-sidebar-layout":"default","site-content-layout":"","ast-site-content-layout":"default","site-content-style":"default","site-sidebar-style":"default","ast-global-header-display":"","ast-banner-title-visibility":"","ast-main-header-display":"","ast-hfb-above-header-display":"","ast-hfb-below-header-display":"","ast-hfb-mobile-header-display":"","site-post-title":"","ast-breadcrumbs-content":"","ast-featured-img":"","footer-sml-layout":"","ast-disable-related-posts":"","theme-transparent-header-meta":"","adv-header-id-meta":"","stick-header-meta":"","header-above-stick-meta":"","header-main-stick-meta":"","header-below-stick-meta":"","astra-migrate-meta-layouts":"set","ast-page-background-enabled":"default","ast-page-background-meta":{"desktop":{"background-color":"var(--ast-global-color-4)","background-image":"","background-repeat":"repeat","background-position":"center center","background-size":"auto","background-attachment":"scroll","background-type":"","background-media":"","overlay-type":"","overlay-color":"","overlay-opacity":"","overlay-gradient":""},"tablet":{"background-color":"","background-image":"","background-repeat":"repeat","background-position":"center center","background-size":"auto","background-attachment":"scroll","background-type":"","background-media":"","overlay-type":"","overlay-color":"","overlay-opacity":"","overlay-gradient":""},"mobile":{"background-color":"","background-image":"","background-repeat":"repeat","background-position":"center center","background-size":"auto","background-attachment":"scroll","background-type":"","background-media":"","overlay-type":"","overlay-color":"","overlay-opacity":"","overlay-gradient":""}},"ast-content-background-meta":{"desktop":{"background-color":"var(--ast-global-color-5)","background-image":"","background-repeat":"repeat","background-position":"center center","background-size":"auto","background-attachment":"scroll","background-type":"","background-media":"","overlay-type":"","overlay-color":"","overlay-opacity":"","overlay-gradient":""},"tablet":{"background-color":"var(--ast-global-color-5)","background-image":"","background-repeat":"repeat","background-position":"center center","background-size":"auto","background-attachment":"scroll","background-type":"","background-media":"","overlay-type":"","overlay-color":"","overlay-opacity":"","overlay-gradient":""},"mobile":{"background-color":"var(--ast-global-color-5)","background-image":"","background-repeat":"repeat","background-position":"center center","background-size":"auto","background-attachment":"scroll","background-type":"","background-media":"","overlay-type":"","overlay-color":"","overlay-opacity":"","overlay-gradient":""}},"footnotes":""},"class_list":["post-44814","page","type-page","status-publish","hentry"],"_links":{"self":[{"href":"https:\/\/silvereco.org\/doc\/wp-json\/wp\/v2\/pages\/44814","targetHints":{"allow":["GET"]}}],"collection":[{"href":"https:\/\/silvereco.org\/doc\/wp-json\/wp\/v2\/pages"}],"about":[{"href":"https:\/\/silvereco.org\/doc\/wp-json\/wp\/v2\/types\/page"}],"author":[{"embeddable":true,"href":"https:\/\/silvereco.org\/doc\/wp-json\/wp\/v2\/users\/639"}],"replies":[{"embeddable":true,"href":"https:\/\/silvereco.org\/doc\/wp-json\/wp\/v2\/comments?post=44814"}],"version-history":[{"count":5,"href":"https:\/\/silvereco.org\/doc\/wp-json\/wp\/v2\/pages\/44814\/revisions"}],"predecessor-version":[{"id":45653,"href":"https:\/\/silvereco.org\/doc\/wp-json\/wp\/v2\/pages\/44814\/revisions\/45653"}],"wp:attachment":[{"href":"https:\/\/silvereco.org\/doc\/wp-json\/wp\/v2\/media?parent=44814"}],"curies":[{"name":"wp","href":"https:\/\/api.w.org\/{rel}","templated":true}]}}