{"id":44789,"date":"2025-10-11T13:51:19","date_gmt":"2025-10-11T11:51:19","guid":{"rendered":"https:\/\/silvereco.org\/doc\/?page_id=44789"},"modified":"2026-01-22T14:10:45","modified_gmt":"2026-01-22T13:10:45","slug":"gerontopole-sud-h3-hall-a","status":"publish","type":"page","link":"https:\/\/silvereco.org\/doc\/gerontopole-sud-h3-hall-a\/","title":{"rendered":"G\u00e9rontop\u00f4le Sud \/ H33 \/ HALL A"},"content":{"rendered":"\n<figure class=\"wp-block-image is-resized\"><img decoding=\"async\" src=\"https:\/\/silvereco.org\/festival\/fr\/wp-content\/medias\/2025\/10\/gerontopolesud-25.png\" alt=\"\" style=\"width:335px;height:auto\"\/><\/figure>\n\n\n\n<h5 class=\"wp-block-heading\"><\/h5>\n\n\n\n<figure class=\"wp-block-image size-full\"><img loading=\"lazy\" decoding=\"async\" width=\"25\" height=\"24\" src=\"https:\/\/silvereco.org\/doc\/wp-content\/uploads\/2025\/10\/image-156.png\" alt=\"\" class=\"wp-image-45281\"\/><\/figure>\n\n\n\n<p>Le G\u00e9rontop\u00f4le Sud est le centre r\u00e9gional de comp\u00e9tences et d\u2019animation pour les acteurs du bien vieillir en R\u00e9gion Sud.<\/p>\n\n\n\n<p>Nous avons trois grandes missions : <br>\u2013 F\u00e9d\u00e9rer : Les partenaires r\u00e9gionaux engag\u00e9s aupr\u00e8s des personnes \u00e2g\u00e9es. <br>\u2013 Valoriser : Les initiatives et les savoir-faire en les partageant entre les acteurs au travers de diff\u00e9rents outils. <br>\u2013 Innover : Soutenir les exp\u00e9rimentations organisationnelles, p\u00e9dagogiques, professionnelles et technologiques.<\/p>\n\n\n\n<figure class=\"wp-block-image size-full\"><img loading=\"lazy\" decoding=\"async\" width=\"25\" height=\"25\" src=\"https:\/\/silvereco.org\/doc\/wp-content\/uploads\/2025\/10\/image-183.png\" alt=\"\" class=\"wp-image-45336\"\/><\/figure>\n\n\n\n<p>The G\u00e9rontop\u00f4le Sud is the regional center for expertise and coordination dedicated to ageing well in the Sud Region.<\/p>\n\n\n\n<p>It carries out three main missions:<br>\u2013 Unite: bringing together regional partners committed to supporting older adults.<br>\u2013 Promote: showcasing and sharing initiatives and know-how among stakeholders through various tools and platforms.<br>\u2013 Innovate: supporting organizational, educational, professional, and technological experiments that foster better ageing and care practices.<\/p>\n\n\n\n<p><strong>Mots Clefs :<\/strong><br>G\u00e9rontop\u00f4le ; G\u00e9rontologie ; Vieillissement, Bien Vieillir,<\/p>\n\n\n\n<p><strong>KeyWords :<\/strong><br>Gerontopole; Gerontology; Ageing; Ageing well<\/p>\n\n\n\n<p><strong>SilverEco Congr\u00e8s \/ Summits :<\/strong><br>Nursing Home Summit \u2013 le Congr\u00e8s EHPAD, RSS et h\u00e9bergement collectif<br>Yes We Care Summit \u2013 le Congr\u00e8s de l\u2019aide aux aidants<br>Healthy Ageing Summit \u2013 le Congr\u00e8s Sant\u00e9 e-Sant\u00e9<\/p>\n\n\n\n<p><strong>Contact :<\/strong><br>Faculte De Medecine 27 bd Jean Moulin, 13005 Marseille \u2013 France<br>+33 4 91 32 47 52<br>contact@gerontopolesud.fr<br><a href=\"https:\/\/www.gerontopolesud.fr\/\">Website<\/a><\/p>\n","protected":false},"excerpt":{"rendered":"<p>Le G\u00e9rontop\u00f4le Sud est le centre r\u00e9gional de comp\u00e9tences et d\u2019animation pour les acteurs du bien vieillir en R\u00e9gion Sud. Nous avons trois grandes missions : \u2013 F\u00e9d\u00e9rer : Les partenaires r\u00e9gionaux engag\u00e9s aupr\u00e8s des personnes \u00e2g\u00e9es. \u2013 Valoriser : Les initiatives et les savoir-faire en les partageant entre les acteurs au travers de diff\u00e9rents [&hellip;]<\/p>\n","protected":false},"author":639,"featured_media":0,"parent":0,"menu_order":0,"comment_status":"closed","ping_status":"closed","template":"","meta":{"site-sidebar-layout":"default","site-content-layout":"","ast-site-content-layout":"default","site-content-style":"default","site-sidebar-style":"default","ast-global-header-display":"","ast-banner-title-visibility":"","ast-main-header-display":"","ast-hfb-above-header-display":"","ast-hfb-below-header-display":"","ast-hfb-mobile-header-display":"","site-post-title":"","ast-breadcrumbs-content":"","ast-featured-img":"","footer-sml-layout":"","ast-disable-related-posts":"","theme-transparent-header-meta":"","adv-header-id-meta":"","stick-header-meta":"","header-above-stick-meta":"","header-main-stick-meta":"","header-below-stick-meta":"","astra-migrate-meta-layouts":"set","ast-page-background-enabled":"default","ast-page-background-meta":{"desktop":{"background-color":"var(--ast-global-color-4)","background-image":"","background-repeat":"repeat","background-position":"center center","background-size":"auto","background-attachment":"scroll","background-type":"","background-media":"","overlay-type":"","overlay-color":"","overlay-opacity":"","overlay-gradient":""},"tablet":{"background-color":"","background-image":"","background-repeat":"repeat","background-position":"center center","background-size":"auto","background-attachment":"scroll","background-type":"","background-media":"","overlay-type":"","overlay-color":"","overlay-opacity":"","overlay-gradient":""},"mobile":{"background-color":"","background-image":"","background-repeat":"repeat","background-position":"center center","background-size":"auto","background-attachment":"scroll","background-type":"","background-media":"","overlay-type":"","overlay-color":"","overlay-opacity":"","overlay-gradient":""}},"ast-content-background-meta":{"desktop":{"background-color":"var(--ast-global-color-5)","background-image":"","background-repeat":"repeat","background-position":"center center","background-size":"auto","background-attachment":"scroll","background-type":"","background-media":"","overlay-type":"","overlay-color":"","overlay-opacity":"","overlay-gradient":""},"tablet":{"background-color":"var(--ast-global-color-5)","background-image":"","background-repeat":"repeat","background-position":"center center","background-size":"auto","background-attachment":"scroll","background-type":"","background-media":"","overlay-type":"","overlay-color":"","overlay-opacity":"","overlay-gradient":""},"mobile":{"background-color":"var(--ast-global-color-5)","background-image":"","background-repeat":"repeat","background-position":"center center","background-size":"auto","background-attachment":"scroll","background-type":"","background-media":"","overlay-type":"","overlay-color":"","overlay-opacity":"","overlay-gradient":""}},"footnotes":""},"class_list":["post-44789","page","type-page","status-publish","hentry"],"_links":{"self":[{"href":"https:\/\/silvereco.org\/doc\/wp-json\/wp\/v2\/pages\/44789","targetHints":{"allow":["GET"]}}],"collection":[{"href":"https:\/\/silvereco.org\/doc\/wp-json\/wp\/v2\/pages"}],"about":[{"href":"https:\/\/silvereco.org\/doc\/wp-json\/wp\/v2\/types\/page"}],"author":[{"embeddable":true,"href":"https:\/\/silvereco.org\/doc\/wp-json\/wp\/v2\/users\/639"}],"replies":[{"embeddable":true,"href":"https:\/\/silvereco.org\/doc\/wp-json\/wp\/v2\/comments?post=44789"}],"version-history":[{"count":5,"href":"https:\/\/silvereco.org\/doc\/wp-json\/wp\/v2\/pages\/44789\/revisions"}],"predecessor-version":[{"id":45773,"href":"https:\/\/silvereco.org\/doc\/wp-json\/wp\/v2\/pages\/44789\/revisions\/45773"}],"wp:attachment":[{"href":"https:\/\/silvereco.org\/doc\/wp-json\/wp\/v2\/media?parent=44789"}],"curies":[{"name":"wp","href":"https:\/\/api.w.org\/{rel}","templated":true}]}}