{"id":44785,"date":"2025-10-11T13:48:49","date_gmt":"2025-10-11T11:48:49","guid":{"rendered":"https:\/\/silvereco.org\/doc\/?page_id=44785"},"modified":"2026-01-22T14:10:46","modified_gmt":"2026-01-22T13:10:46","slug":"reseau-francophone-des-villes-amies-des-aines-c46-hallc","status":"publish","type":"page","link":"https:\/\/silvereco.org\/doc\/reseau-francophone-des-villes-amies-des-aines-c46-hallc\/","title":{"rendered":"R\u00e9seau Francophone des Villes Amies des A\u00een\u00e9s \/ C46 \/ HALLC"},"content":{"rendered":"\n<figure class=\"wp-block-image is-resized\"><img decoding=\"async\" src=\"https:\/\/silvereco.org\/festival\/fr\/wp-content\/medias\/2025\/10\/rfvaa-25.png\" alt=\"\" style=\"width:493px;height:auto\"\/><\/figure>\n\n\n\n<h5 class=\"wp-block-heading\"><\/h5>\n\n\n\n<figure class=\"wp-block-image size-full\"><img loading=\"lazy\" decoding=\"async\" width=\"25\" height=\"24\" src=\"https:\/\/silvereco.org\/doc\/wp-content\/uploads\/2025\/10\/image-158.png\" alt=\"\" class=\"wp-image-45283\"\/><\/figure>\n\n\n\n<p>Le R\u00e9seau Francophone des Villes Amies des A\u00een\u00e9s est un centre d\u2019expertise et de ressources d\u00e9di\u00e9 \u00e0 l\u2019accompagnement des collectivit\u00e9s face aux d\u00e9fis du vieillissement.<\/p>\n\n\n\n<p>Seule association en France affili\u00e9e au R\u00e9seau Mondial de l\u2019OMS, il promeut la d\u00e9marche Villes Amies des A\u00een\u00e9s (VADA) \u00e0 l\u2019\u00e9chelle francophone et \u0153uvre pour une approche transversale, la citoyennet\u00e9 des a\u00een\u00e9s et la lutte contre l\u2019\u00e2gisme. <\/p>\n\n\n\n<p>La d\u00e9marche Villes Amies des A\u00een\u00e9s (VADA), coordonn\u00e9e par le RFVAA, est une adaptation du r\u00e9f\u00e9rentiel mondial de l\u2019Organisation mondiale de la sant\u00e9. Elle invite les collectivit\u00e9s \u00e0 structurer une politique publique de la long\u00e9vit\u00e9 transversale et participative, au service d\u2019un vieillissement actif et en bonne sant\u00e9, de l\u2019inclusion et de la qualit\u00e9 de vie des personnes \u00e2g\u00e9es dans leur territoire. Le LABEL \u00ab AMI DES A\u00ceN\u00c9S \u00bb\u00ae est un outil compl\u00e9mentaire destin\u00e9 \u00e0 toutes les collectivit\u00e9s \u2013 communes, intercommunalit\u00e9s, d\u00e9partements ou r\u00e9gions \u2013 adh\u00e9rentes au R\u00e9seau Francophone des Villes Amies des A\u00een\u00e9s, qui souhaitent s\u2019engager dans une d\u00e9marche de progr\u00e8s au service des a\u00een\u00e9s. Le RFVAA compte pr\u00e8s de 380 adh\u00e9rents en France, Suisse, Belgique et Andorre<\/p>\n\n\n\n<figure class=\"wp-block-image size-full\"><img loading=\"lazy\" decoding=\"async\" width=\"25\" height=\"25\" src=\"https:\/\/silvereco.org\/doc\/wp-content\/uploads\/2025\/10\/image-181.png\" alt=\"\" class=\"wp-image-45332\"\/><\/figure>\n\n\n\n<p>The Francophone Network of Age-Friendly Cities (RFVAA) is an expert and resource center that supports local authorities in addressing the challenges of population ageing.<\/p>\n\n\n\n<p>As the only French association affiliated with the World Health Organization\u2019s Global Network, it promotes the <em>Age-Friendly Cities and Communities<\/em> approach across French-speaking regions, advocating for cross-sector policies, senior citizenship, and the fight against ageism.<\/p>\n\n\n\n<p>Coordinated by the RFVAA, the Age-Friendly Cities (VADA) approach adapts the WHO\u2019s global framework to help communities design inclusive and participatory public policies that foster active, healthy ageing and improve quality of life for older adults. The \u201cAmi des A\u00een\u00e9s\u201d\u00ae label complements this initiative, guiding municipalities, inter-municipalities, departments, and regions in their continuous improvement efforts for seniors. The RFVAA now brings together nearly 380 members across France, Switzerland, Belgium, and Andorra.<\/p>\n\n\n\n<p><strong>Mots Clefs :<\/strong><br>Vieillissement actif et en bonne sant\u00e9, lutte contre l\u2019\u00e2gisme, d\u00e9marche participative, label ami des a\u00een\u00e9s<\/p>\n\n\n\n<p><strong>KeyWords :<\/strong><br>Active and healthy ageing, fight against ageism, participatory approach, age-friendly label.<\/p>\n\n\n\n<p><strong>SilverEco Congr\u00e8s \/ Summits :<\/strong><br>Living at Home Summit \u2013 le Congr\u00e8s Bien-vieillir chez soi<br>Yes We Care Summit \u2013 le Congr\u00e8s de l\u2019aide aux aidants<br>Silver Citizen Summit \u2013 le Congr\u00e8s Silver citoyennet\u00e9<\/p>\n\n\n\n<p><strong>Contact :<\/strong><br>1 avenue Garibaldi 21 000 DIJON \u2013 France<br>+33 3 45 18 23 20<br>abrule@rfvaa.com<br><a href=\"https:\/\/www.villesamiesdesaines-rf.fr\/label-villes-amies-des-aines\/\">Website<\/a><\/p>\n","protected":false},"excerpt":{"rendered":"<p>Le R\u00e9seau Francophone des Villes Amies des A\u00een\u00e9s est un centre d\u2019expertise et de ressources d\u00e9di\u00e9 \u00e0 l\u2019accompagnement des collectivit\u00e9s face aux d\u00e9fis du vieillissement. Seule association en France affili\u00e9e au R\u00e9seau Mondial de l\u2019OMS, il promeut la d\u00e9marche Villes Amies des A\u00een\u00e9s (VADA) \u00e0 l\u2019\u00e9chelle francophone et \u0153uvre pour une approche transversale, la citoyennet\u00e9 [&hellip;]<\/p>\n","protected":false},"author":639,"featured_media":0,"parent":0,"menu_order":0,"comment_status":"closed","ping_status":"closed","template":"","meta":{"site-sidebar-layout":"default","site-content-layout":"","ast-site-content-layout":"default","site-content-style":"default","site-sidebar-style":"default","ast-global-header-display":"","ast-banner-title-visibility":"","ast-main-header-display":"","ast-hfb-above-header-display":"","ast-hfb-below-header-display":"","ast-hfb-mobile-header-display":"","site-post-title":"","ast-breadcrumbs-content":"","ast-featured-img":"","footer-sml-layout":"","ast-disable-related-posts":"","theme-transparent-header-meta":"","adv-header-id-meta":"","stick-header-meta":"","header-above-stick-meta":"","header-main-stick-meta":"","header-below-stick-meta":"","astra-migrate-meta-layouts":"set","ast-page-background-enabled":"default","ast-page-background-meta":{"desktop":{"background-color":"var(--ast-global-color-4)","background-image":"","background-repeat":"repeat","background-position":"center center","background-size":"auto","background-attachment":"scroll","background-type":"","background-media":"","overlay-type":"","overlay-color":"","overlay-opacity":"","overlay-gradient":""},"tablet":{"background-color":"","background-image":"","background-repeat":"repeat","background-position":"center center","background-size":"auto","background-attachment":"scroll","background-type":"","background-media":"","overlay-type":"","overlay-color":"","overlay-opacity":"","overlay-gradient":""},"mobile":{"background-color":"","background-image":"","background-repeat":"repeat","background-position":"center center","background-size":"auto","background-attachment":"scroll","background-type":"","background-media":"","overlay-type":"","overlay-color":"","overlay-opacity":"","overlay-gradient":""}},"ast-content-background-meta":{"desktop":{"background-color":"var(--ast-global-color-5)","background-image":"","background-repeat":"repeat","background-position":"center center","background-size":"auto","background-attachment":"scroll","background-type":"","background-media":"","overlay-type":"","overlay-color":"","overlay-opacity":"","overlay-gradient":""},"tablet":{"background-color":"var(--ast-global-color-5)","background-image":"","background-repeat":"repeat","background-position":"center center","background-size":"auto","background-attachment":"scroll","background-type":"","background-media":"","overlay-type":"","overlay-color":"","overlay-opacity":"","overlay-gradient":""},"mobile":{"background-color":"var(--ast-global-color-5)","background-image":"","background-repeat":"repeat","background-position":"center center","background-size":"auto","background-attachment":"scroll","background-type":"","background-media":"","overlay-type":"","overlay-color":"","overlay-opacity":"","overlay-gradient":""}},"footnotes":""},"class_list":["post-44785","page","type-page","status-publish","hentry"],"_links":{"self":[{"href":"https:\/\/silvereco.org\/doc\/wp-json\/wp\/v2\/pages\/44785","targetHints":{"allow":["GET"]}}],"collection":[{"href":"https:\/\/silvereco.org\/doc\/wp-json\/wp\/v2\/pages"}],"about":[{"href":"https:\/\/silvereco.org\/doc\/wp-json\/wp\/v2\/types\/page"}],"author":[{"embeddable":true,"href":"https:\/\/silvereco.org\/doc\/wp-json\/wp\/v2\/users\/639"}],"replies":[{"embeddable":true,"href":"https:\/\/silvereco.org\/doc\/wp-json\/wp\/v2\/comments?post=44785"}],"version-history":[{"count":4,"href":"https:\/\/silvereco.org\/doc\/wp-json\/wp\/v2\/pages\/44785\/revisions"}],"predecessor-version":[{"id":45659,"href":"https:\/\/silvereco.org\/doc\/wp-json\/wp\/v2\/pages\/44785\/revisions\/45659"}],"wp:attachment":[{"href":"https:\/\/silvereco.org\/doc\/wp-json\/wp\/v2\/media?parent=44785"}],"curies":[{"name":"wp","href":"https:\/\/api.w.org\/{rel}","templated":true}]}}