{"id":44783,"date":"2025-10-11T13:47:35","date_gmt":"2025-10-11T11:47:35","guid":{"rendered":"https:\/\/silvereco.org\/doc\/?page_id=44783"},"modified":"2026-01-22T14:10:23","modified_gmt":"2026-01-22T13:10:23","slug":"careium-a29-hall-a","status":"publish","type":"page","link":"https:\/\/silvereco.org\/doc\/careium-a29-hall-a\/","title":{"rendered":"Careium \/ A29 \/ HALL A"},"content":{"rendered":"\n<figure class=\"wp-block-image is-resized\"><img decoding=\"async\" src=\"https:\/\/silvereco.org\/festival\/fr\/wp-content\/medias\/2025\/10\/careium-25.jpg\" alt=\"\" style=\"width:435px;height:auto\"\/><\/figure>\n\n\n\n<h5 class=\"wp-block-heading\"><\/h5>\n\n\n\n<figure class=\"wp-block-image size-full\"><img loading=\"lazy\" decoding=\"async\" width=\"25\" height=\"24\" src=\"https:\/\/silvereco.org\/doc\/wp-content\/uploads\/2025\/10\/image-160.png\" alt=\"\" class=\"wp-image-45291\"\/><\/figure>\n\n\n\n<p>Careium est un des leaders europ\u00e9ens de la t\u00e9l\u00e9assistance permettant de s\u00e9curiser des millions de personnes \u00e0 domicile ou en d\u00e9placement , am\u00e9liorant ainsi leur ind\u00e9pendance et leur qualit\u00e9 de vie.<\/p>\n\n\n\n<p>Nous sommes un des rares acteurs \u00e0 proposer nos solutions de bout en bout avec les briques : produits, installation, plateaux d\u2019\u00e9coute 24\/24, logiciel m\u00e9tier pour r\u00e9ceptionner les alarmes et intervention. <\/p>\n\n\n\n<p>Pour cette \u00e9dition, nous voulons mettre l\u2019accent sur l\u2019agilit\u00e9 des solutions cloud d\u00e9ploy\u00e9es \u00e0 travers l\u2019Europe et pouvant inspirer les acteurs fran\u00e7ais. \u00c9galement les solutions de pr\u00e9vention que nous proposons, notamment \u00e0 travers notre nouvelle montre connect\u00e9e.<\/p>\n\n\n\n<figure class=\"wp-block-image size-full\"><img loading=\"lazy\" decoding=\"async\" width=\"25\" height=\"25\" src=\"https:\/\/silvereco.org\/doc\/wp-content\/uploads\/2025\/10\/image-179.png\" alt=\"\" class=\"wp-image-45328\"\/><\/figure>\n\n\n\n<p>Careium is one of Europe\u2019s leading telecare providers, supporting millions of people at home or on the move \u2014 enhancing their independence, safety, and quality of life.<\/p>\n\n\n\n<p>We are among the few players offering fully integrated end-to-end solutions, including devices, installation, 24\/7 monitoring centers, professional alarm management software, and intervention services.<\/p>\n\n\n\n<p>At this year\u2019s edition, we will highlight the flexibility and scalability of our cloud-based solutions deployed across Europe \u2014 a model that can inspire French stakeholders. We will also showcase our preventive solutions, including our new connected watch, designed to promote safety and wellbeing through proactive monitoring.<\/p>\n\n\n\n<p><strong>Mots Clefs :<\/strong><br>t\u00e9l\u00e9assistance, montre, plateforme, transmetteur, care, mobilit\u00e9, pr\u00e9vention<\/p>\n\n\n\n<p><strong>KeyWords :<\/strong><br>telecare, watch, platform, transmitter, care, mobility, prevention<\/p>\n\n\n\n<p><strong>SilverEco Congr\u00e8s \/ Summits :<\/strong><br>Living at Home Summit \u2013 le Congr\u00e8s Bien-vieillir chez soi<br>SilverTech Summit \u2013 le Congr\u00e8s des technologies pour l\u2019autonomie<br>Healthy Ageing Summit \u2013 le Congr\u00e8s Sant\u00e9 e-Sant\u00e9<\/p>\n\n\n\n<p><strong>Contact :<\/strong><br>17 rue saint Fiacre 75002 Paris France<br>+33 6 59 13 13 69<br>vincent.deboutiny@careium.com<br><a href=\"https:\/\/www.careium.com\/fr\/\">Website<\/a><\/p>\n","protected":false},"excerpt":{"rendered":"<p>Careium est un des leaders europ\u00e9ens de la t\u00e9l\u00e9assistance permettant de s\u00e9curiser des millions de personnes \u00e0 domicile ou en d\u00e9placement , am\u00e9liorant ainsi leur ind\u00e9pendance et leur qualit\u00e9 de vie. Nous sommes un des rares acteurs \u00e0 proposer nos solutions de bout en bout avec les briques : produits, installation, plateaux d\u2019\u00e9coute 24\/24, logiciel [&hellip;]<\/p>\n","protected":false},"author":639,"featured_media":0,"parent":0,"menu_order":0,"comment_status":"closed","ping_status":"closed","template":"","meta":{"site-sidebar-layout":"default","site-content-layout":"","ast-site-content-layout":"default","site-content-style":"default","site-sidebar-style":"default","ast-global-header-display":"","ast-banner-title-visibility":"","ast-main-header-display":"","ast-hfb-above-header-display":"","ast-hfb-below-header-display":"","ast-hfb-mobile-header-display":"","site-post-title":"","ast-breadcrumbs-content":"","ast-featured-img":"","footer-sml-layout":"","ast-disable-related-posts":"","theme-transparent-header-meta":"","adv-header-id-meta":"","stick-header-meta":"","header-above-stick-meta":"","header-main-stick-meta":"","header-below-stick-meta":"","astra-migrate-meta-layouts":"set","ast-page-background-enabled":"default","ast-page-background-meta":{"desktop":{"background-color":"var(--ast-global-color-4)","background-image":"","background-repeat":"repeat","background-position":"center center","background-size":"auto","background-attachment":"scroll","background-type":"","background-media":"","overlay-type":"","overlay-color":"","overlay-opacity":"","overlay-gradient":""},"tablet":{"background-color":"","background-image":"","background-repeat":"repeat","background-position":"center center","background-size":"auto","background-attachment":"scroll","background-type":"","background-media":"","overlay-type":"","overlay-color":"","overlay-opacity":"","overlay-gradient":""},"mobile":{"background-color":"","background-image":"","background-repeat":"repeat","background-position":"center center","background-size":"auto","background-attachment":"scroll","background-type":"","background-media":"","overlay-type":"","overlay-color":"","overlay-opacity":"","overlay-gradient":""}},"ast-content-background-meta":{"desktop":{"background-color":"var(--ast-global-color-5)","background-image":"","background-repeat":"repeat","background-position":"center center","background-size":"auto","background-attachment":"scroll","background-type":"","background-media":"","overlay-type":"","overlay-color":"","overlay-opacity":"","overlay-gradient":""},"tablet":{"background-color":"var(--ast-global-color-5)","background-image":"","background-repeat":"repeat","background-position":"center center","background-size":"auto","background-attachment":"scroll","background-type":"","background-media":"","overlay-type":"","overlay-color":"","overlay-opacity":"","overlay-gradient":""},"mobile":{"background-color":"var(--ast-global-color-5)","background-image":"","background-repeat":"repeat","background-position":"center center","background-size":"auto","background-attachment":"scroll","background-type":"","background-media":"","overlay-type":"","overlay-color":"","overlay-opacity":"","overlay-gradient":""}},"footnotes":""},"class_list":["post-44783","page","type-page","status-publish","hentry"],"_links":{"self":[{"href":"https:\/\/silvereco.org\/doc\/wp-json\/wp\/v2\/pages\/44783","targetHints":{"allow":["GET"]}}],"collection":[{"href":"https:\/\/silvereco.org\/doc\/wp-json\/wp\/v2\/pages"}],"about":[{"href":"https:\/\/silvereco.org\/doc\/wp-json\/wp\/v2\/types\/page"}],"author":[{"embeddable":true,"href":"https:\/\/silvereco.org\/doc\/wp-json\/wp\/v2\/users\/639"}],"replies":[{"embeddable":true,"href":"https:\/\/silvereco.org\/doc\/wp-json\/wp\/v2\/comments?post=44783"}],"version-history":[{"count":4,"href":"https:\/\/silvereco.org\/doc\/wp-json\/wp\/v2\/pages\/44783\/revisions"}],"predecessor-version":[{"id":45582,"href":"https:\/\/silvereco.org\/doc\/wp-json\/wp\/v2\/pages\/44783\/revisions\/45582"}],"wp:attachment":[{"href":"https:\/\/silvereco.org\/doc\/wp-json\/wp\/v2\/media?parent=44783"}],"curies":[{"name":"wp","href":"https:\/\/api.w.org\/{rel}","templated":true}]}}