{"id":44756,"date":"2025-10-11T13:21:49","date_gmt":"2025-10-11T11:21:49","guid":{"rendered":"https:\/\/silvereco.org\/doc\/?page_id=44756"},"modified":"2026-01-22T14:10:46","modified_gmt":"2026-01-22T13:10:46","slug":"speakli-c44-hallc","status":"publish","type":"page","link":"https:\/\/silvereco.org\/doc\/speakli-c44-hallc\/","title":{"rendered":"Speakli \/ C44 \/ HALLC"},"content":{"rendered":"\n<figure class=\"wp-block-image is-resized\"><img decoding=\"async\" src=\"https:\/\/silvereco.org\/festival\/fr\/wp-content\/medias\/2025\/10\/speakli-25.jpg\" alt=\"\" style=\"width:356px;height:auto\"\/><\/figure>\n\n\n\n<h5 class=\"wp-block-heading\"><\/h5>\n\n\n\n<figure class=\"wp-block-image size-full\"><img loading=\"lazy\" decoding=\"async\" width=\"25\" height=\"24\" src=\"https:\/\/silvereco.org\/doc\/wp-content\/uploads\/2025\/10\/image-208.png\" alt=\"\" class=\"wp-image-45382\"\/><\/figure>\n\n\n\n<p>Speakli est une startup fran\u00e7aise innovante qui r\u00e9volutionne la documentation des soins dans le m\u00e9dico-social.<\/p>\n\n\n\n<p>Nous accompagnons les soignants dans leur travail de tra\u00e7abilit\u00e9 gr\u00e2ce \u00e0 la voix et l\u2019intelligence artificielle. En quelques secondes, nous transformons des contenus vocaux en rapports structur\u00e9s, conformes et exploitables, directement int\u00e9gr\u00e9s dans les logiciels m\u00e9tiers. Nos r\u00e9sultats sont significatifs : jusqu\u2019\u00e0 60% de temps gagn\u00e9 sur la charge administrative, un volume de transmissions multipli\u00e9 par 3, et des rapports 2 fois plus exploitables. <\/p>\n\n\n\n<p>Speakli am\u00e9liore ainsi la continuit\u00e9, la qualit\u00e9 et la s\u00e9curit\u00e9 de prise en charge des r\u00e9sidents, revalorise le m\u00e9tier de soignant, et assure la conformit\u00e9 des \u00e9tablissements. D\u00e9j\u00e0 d\u00e9ploy\u00e9e en EHPAD, notre technologie est con\u00e7ue pour s\u2019\u00e9tendre \u00e0 terme au domicile et \u00e0 l\u2019ensemble du m\u00e9dico-social. <\/p>\n\n\n\n<figure class=\"wp-block-image size-full\"><img loading=\"lazy\" decoding=\"async\" width=\"25\" height=\"25\" src=\"https:\/\/silvereco.org\/doc\/wp-content\/uploads\/2025\/10\/image-220.png\" alt=\"\" class=\"wp-image-45405\"\/><\/figure>\n\n\n\n<p>Speakli is an innovative French startup that is revolutionizing healthcare documentation in the medical-social sector. <\/p>\n\n\n\n<p>We support caregivers in their traceability work using voice and artificial intelligence. <\/p>\n\n\n\n<p>In just a few seconds, we transform voice content into structured, compliant, and usable reports that are directly integrated into their business software. Our results are significant: up to 60% time saved on administrative tasks, a threefold increase in the volume of transmissions, and reports that are twice as usable. <\/p>\n\n\n\n<p>Speakli thus improves the continuity, quality, and safety of resident care, enhances the status of the caregiving profession, and ensures compliance for healthcare facilities. <\/p>\n\n\n\n<p>Already deployed in nursing homes, our technology is designed to expand to home care and the entire medical-social sector.<\/p>\n\n\n\n<p><strong>Mots Clefs :<\/strong><br>m\u00e9dico-social, intelligence artificielle<\/p>\n\n\n\n<p><strong>KeyWords :<\/strong><br>medical-social sector, artificial intelligence<\/p>\n\n\n\n<p><strong>SilverEco Congr\u00e8s \/ Summits :<\/strong><br>Living at Home Summit \u2013 le Congr\u00e8s Bien-vieillir chez soi<br>Nursing Home Summit \u2013 le Congr\u00e8s EHPAD, RSS et h\u00e9bergement collectif<br>SilverTech Summit \u2013 le Congr\u00e8s des technologies pour l\u2019autonomie<\/p>\n\n\n\n<p><strong>Contact :<\/strong><br>80 BOULEVARD VICTOR HUGO \/ NEUILLY-SUR-SEINE \/ 92200 \/ FRANCE<br>+33 6 95 34 79 78<br>contact@speakli.fr<br><a href=\"https:\/\/www.speakli.fr\/\">Website<\/a><\/p>\n","protected":false},"excerpt":{"rendered":"<p>Speakli est une startup fran\u00e7aise innovante qui r\u00e9volutionne la documentation des soins dans le m\u00e9dico-social. Nous accompagnons les soignants dans leur travail de tra\u00e7abilit\u00e9 gr\u00e2ce \u00e0 la voix et l\u2019intelligence artificielle. En quelques secondes, nous transformons des contenus vocaux en rapports structur\u00e9s, conformes et exploitables, directement int\u00e9gr\u00e9s dans les logiciels m\u00e9tiers. Nos r\u00e9sultats sont significatifs [&hellip;]<\/p>\n","protected":false},"author":639,"featured_media":0,"parent":0,"menu_order":0,"comment_status":"closed","ping_status":"closed","template":"","meta":{"site-sidebar-layout":"default","site-content-layout":"","ast-site-content-layout":"default","site-content-style":"default","site-sidebar-style":"default","ast-global-header-display":"","ast-banner-title-visibility":"","ast-main-header-display":"","ast-hfb-above-header-display":"","ast-hfb-below-header-display":"","ast-hfb-mobile-header-display":"","site-post-title":"","ast-breadcrumbs-content":"","ast-featured-img":"","footer-sml-layout":"","ast-disable-related-posts":"","theme-transparent-header-meta":"","adv-header-id-meta":"","stick-header-meta":"","header-above-stick-meta":"","header-main-stick-meta":"","header-below-stick-meta":"","astra-migrate-meta-layouts":"set","ast-page-background-enabled":"default","ast-page-background-meta":{"desktop":{"background-color":"var(--ast-global-color-4)","background-image":"","background-repeat":"repeat","background-position":"center center","background-size":"auto","background-attachment":"scroll","background-type":"","background-media":"","overlay-type":"","overlay-color":"","overlay-opacity":"","overlay-gradient":""},"tablet":{"background-color":"","background-image":"","background-repeat":"repeat","background-position":"center center","background-size":"auto","background-attachment":"scroll","background-type":"","background-media":"","overlay-type":"","overlay-color":"","overlay-opacity":"","overlay-gradient":""},"mobile":{"background-color":"","background-image":"","background-repeat":"repeat","background-position":"center center","background-size":"auto","background-attachment":"scroll","background-type":"","background-media":"","overlay-type":"","overlay-color":"","overlay-opacity":"","overlay-gradient":""}},"ast-content-background-meta":{"desktop":{"background-color":"var(--ast-global-color-5)","background-image":"","background-repeat":"repeat","background-position":"center center","background-size":"auto","background-attachment":"scroll","background-type":"","background-media":"","overlay-type":"","overlay-color":"","overlay-opacity":"","overlay-gradient":""},"tablet":{"background-color":"var(--ast-global-color-5)","background-image":"","background-repeat":"repeat","background-position":"center center","background-size":"auto","background-attachment":"scroll","background-type":"","background-media":"","overlay-type":"","overlay-color":"","overlay-opacity":"","overlay-gradient":""},"mobile":{"background-color":"var(--ast-global-color-5)","background-image":"","background-repeat":"repeat","background-position":"center center","background-size":"auto","background-attachment":"scroll","background-type":"","background-media":"","overlay-type":"","overlay-color":"","overlay-opacity":"","overlay-gradient":""}},"footnotes":""},"class_list":["post-44756","page","type-page","status-publish","hentry"],"_links":{"self":[{"href":"https:\/\/silvereco.org\/doc\/wp-json\/wp\/v2\/pages\/44756","targetHints":{"allow":["GET"]}}],"collection":[{"href":"https:\/\/silvereco.org\/doc\/wp-json\/wp\/v2\/pages"}],"about":[{"href":"https:\/\/silvereco.org\/doc\/wp-json\/wp\/v2\/types\/page"}],"author":[{"embeddable":true,"href":"https:\/\/silvereco.org\/doc\/wp-json\/wp\/v2\/users\/639"}],"replies":[{"embeddable":true,"href":"https:\/\/silvereco.org\/doc\/wp-json\/wp\/v2\/comments?post=44756"}],"version-history":[{"count":3,"href":"https:\/\/silvereco.org\/doc\/wp-json\/wp\/v2\/pages\/44756\/revisions"}],"predecessor-version":[{"id":45529,"href":"https:\/\/silvereco.org\/doc\/wp-json\/wp\/v2\/pages\/44756\/revisions\/45529"}],"wp:attachment":[{"href":"https:\/\/silvereco.org\/doc\/wp-json\/wp\/v2\/media?parent=44756"}],"curies":[{"name":"wp","href":"https:\/\/api.w.org\/{rel}","templated":true}]}}