{"id":44755,"date":"2025-10-11T13:23:11","date_gmt":"2025-10-11T11:23:11","guid":{"rendered":"https:\/\/silvereco.org\/doc\/?page_id=44755"},"modified":"2026-01-22T14:10:46","modified_gmt":"2026-01-22T13:10:46","slug":"region-provence-alpes-cote-dazur-en-partenariat-avec-pole-service-a-la-personne-et-risingsud-h12-hall-a","status":"publish","type":"page","link":"https:\/\/silvereco.org\/doc\/region-provence-alpes-cote-dazur-en-partenariat-avec-pole-service-a-la-personne-et-risingsud-h12-hall-a\/","title":{"rendered":"R\u00e9gion Provence-Alpes-C\u00f4te d\u2019Azur en partenariat avec P\u00f4le Service \u00e0 la Personne et risingSud \/ H12 \/ HALL A"},"content":{"rendered":"\n<figure class=\"wp-block-image is-resized\"><img decoding=\"async\" src=\"https:\/\/silvereco.org\/festival\/fr\/wp-content\/medias\/2025\/10\/regionsud-25.jpg\" alt=\"\" style=\"width:359px;height:auto\"\/><\/figure>\n\n\n\n<h5 class=\"wp-block-heading\"><\/h5>\n\n\n\n<figure class=\"wp-block-image size-full\"><img loading=\"lazy\" decoding=\"async\" width=\"25\" height=\"24\" src=\"https:\/\/silvereco.org\/doc\/wp-content\/uploads\/2025\/10\/image-207.png\" alt=\"\" class=\"wp-image-45381\"\/><\/figure>\n\n\n\n<p>1\u00e8re R\u00e9gion pour l\u2019attractivit\u00e9 des s\u00e9niors, la Silver \u00e9conomie repr\u00e9sente une opportunit\u00e9 \u00e9conomique pour l\u2019emploi et l\u2019implantation de nouveaux projets innovants en Provence -Alpes-C\u00f4te d\u2019Azur.<\/p>\n\n\n\n<p>Le Festival permet \u00e0 nos entreprises et porteurs de projets de pr\u00e9senter leurs innovations et d\u2019accroitre les parts de march\u00e9. La R\u00e9gion et ses partenaires, le pole Service \u00e0 la Personne et l\u2019agence risingSud, pr\u00e9sents sur le salon, oeuvent \u00e0 l\u2019ann\u00e9e pour rassembler les acteurs publics et priv\u00e9s , d\u00e9tecter et soutenir les entreprises et projets st\u00e9rat\u00e9giques , autour de l\u2019Op\u00e9ration d\u2019Int\u00e9r\u00eat R\u00e9gional OIR Silver \u00e9conomie pour l\u2019Emploi, la Sant\u00e9, la Formation, la Recherche, l\u2019Attractivit\u00e9 et la diffusion de l\u2019offre de services R\u00e9gionale collective. <\/p>\n\n\n\n<p>Retrouvez nos experts sur le stand de la R\u00e9gion Sud\/ P\u00f4le Service \u00e0 la Personne \/risingSud autour de trois grands axes . <\/p>\n\n\n\n<p>Vous ACCOMPAGNER : une ing\u00e9nierie sur mesure pour consolider votre projet : structuration juridique, mod\u00e8le \u00e9conomique, business plan\u2026 <\/p>\n\n\n\n<p>PRESENTER le Club Silver Sud anim\u00e9 par le pole Service \u00e0 la Personne: mise en relation avec des financeurs\/donneurs d\u2019ordre publics et gagner en visibilit\u00e9 <\/p>\n\n\n\n<p>FINANCER votre projet :Avec R\u00e9gion Sud Entreprises, une gamme de financement et d\u2019accompagnement pour toutes les entreprises de la R\u00e9gion Sud le G\u00e9rontop\u00f4le Sud, le CEA Tech et le Ciu Sant\u00e9, financ\u00e9es par la R\u00e9gion Sud, seront \u00e9galement \u00e0 nos c\u00f4t\u00e9s<\/p>\n\n\n\n<figure class=\"wp-block-image size-full\"><img loading=\"lazy\" decoding=\"async\" width=\"25\" height=\"25\" src=\"https:\/\/silvereco.org\/doc\/wp-content\/uploads\/2025\/10\/image-221.png\" alt=\"\" class=\"wp-image-45407\"\/><\/figure>\n\n\n\n<p>As the leading region for senior attractiveness, Provence-Alpes-C\u00f4te d\u2019Azur sees the Silver Economy as a major economic opportunity for employment and the development of innovative projects.<\/p>\n\n\n\n<p>The Festival offers local companies and project leaders the chance to showcase their innovations and expand their market reach. Throughout the year, the Region and its partners \u2014 the <em>P\u00f4le Service \u00e0 la Personne<\/em> and the <em>risingSUD<\/em> agency \u2014 work together to unite public and private stakeholders, identify and support strategic businesses and projects within the framework of the Regional Interest Operation (<em>Op\u00e9ration d\u2019Int\u00e9r\u00eat R\u00e9gional \u2013 OIR Silver \u00c9conomie<\/em>) dedicated to employment, health, training, research, attractiveness, and the promotion of the collective regional service offer.<\/p>\n\n\n\n<p>Visit our experts at the R\u00e9gion Sud \/ <em>P\u00f4le Service \u00e0 la Personne<\/em> \/ <em>risingSUD<\/em> booth around three main themes:<\/p>\n\n\n\n<p>\u2013 SUPPORT: tailored engineering to strengthen your project (legal structure, business model, business plan, etc.)<br>\u2013 NETWORK: presentation of the <em>Club Silver Sud<\/em> run by the <em>P\u00f4le Service \u00e0 la Personne<\/em>, connecting you with funders and public purchasers to increase your visibility<br>\u2013 FINANCE: with <em>R\u00e9gion Sud Entreprises<\/em>, access a full range of funding and support solutions for businesses across the Region<\/p>\n\n\n\n<p>The <em>G\u00e9rontop\u00f4le Sud<\/em>, <em>CEA Tech<\/em>, and <em>CIU Sant\u00e9<\/em>, all funded by the Region Sud, will also be present alongside us.<\/p>\n\n\n\n<p><strong>Mots Clefs :<\/strong><br>Financement; Accompagnement; Ing\u00e9nierie ; Attractivit\u00e9; investissement ; implantation ; Club Silver Sud<\/p>\n\n\n\n<p><strong>KeyWords :<\/strong><br>Financing; Support; Engineering; Attractiveness; Investment; Establishment; Silver Sud Club.<\/p>\n\n\n\n<p><strong>SilverEco Congr\u00e8s \/ Summits :<\/strong><br>Nursing Home Summit \u2013 le Congr\u00e8s EHPAD, RSS et h\u00e9bergement collectif<br>SilverTech Summit \u2013 le Congr\u00e8s des technologies pour l\u2019autonomie<\/p>\n\n\n\n<p><strong>Contact :<\/strong><br>H\u00f4tel de R\u00e9gion 27 place Jules Guesde 13002 Marseille \u2013 France<br>jlegallois@maregionsud.fr<br><a href=\"https:\/\/www.maregionsud.fr\/\">Website<\/a><\/p>\n","protected":false},"excerpt":{"rendered":"<p>1\u00e8re R\u00e9gion pour l\u2019attractivit\u00e9 des s\u00e9niors, la Silver \u00e9conomie repr\u00e9sente une opportunit\u00e9 \u00e9conomique pour l\u2019emploi et l\u2019implantation de nouveaux projets innovants en Provence -Alpes-C\u00f4te d\u2019Azur. Le Festival permet \u00e0 nos entreprises et porteurs de projets de pr\u00e9senter leurs innovations et d\u2019accroitre les parts de march\u00e9. La R\u00e9gion et ses partenaires, le pole Service \u00e0 la [&hellip;]<\/p>\n","protected":false},"author":639,"featured_media":0,"parent":0,"menu_order":0,"comment_status":"closed","ping_status":"closed","template":"","meta":{"site-sidebar-layout":"default","site-content-layout":"","ast-site-content-layout":"default","site-content-style":"default","site-sidebar-style":"default","ast-global-header-display":"","ast-banner-title-visibility":"","ast-main-header-display":"","ast-hfb-above-header-display":"","ast-hfb-below-header-display":"","ast-hfb-mobile-header-display":"","site-post-title":"","ast-breadcrumbs-content":"","ast-featured-img":"","footer-sml-layout":"","ast-disable-related-posts":"","theme-transparent-header-meta":"","adv-header-id-meta":"","stick-header-meta":"","header-above-stick-meta":"","header-main-stick-meta":"","header-below-stick-meta":"","astra-migrate-meta-layouts":"set","ast-page-background-enabled":"default","ast-page-background-meta":{"desktop":{"background-color":"var(--ast-global-color-4)","background-image":"","background-repeat":"repeat","background-position":"center center","background-size":"auto","background-attachment":"scroll","background-type":"","background-media":"","overlay-type":"","overlay-color":"","overlay-opacity":"","overlay-gradient":""},"tablet":{"background-color":"","background-image":"","background-repeat":"repeat","background-position":"center center","background-size":"auto","background-attachment":"scroll","background-type":"","background-media":"","overlay-type":"","overlay-color":"","overlay-opacity":"","overlay-gradient":""},"mobile":{"background-color":"","background-image":"","background-repeat":"repeat","background-position":"center center","background-size":"auto","background-attachment":"scroll","background-type":"","background-media":"","overlay-type":"","overlay-color":"","overlay-opacity":"","overlay-gradient":""}},"ast-content-background-meta":{"desktop":{"background-color":"var(--ast-global-color-5)","background-image":"","background-repeat":"repeat","background-position":"center center","background-size":"auto","background-attachment":"scroll","background-type":"","background-media":"","overlay-type":"","overlay-color":"","overlay-opacity":"","overlay-gradient":""},"tablet":{"background-color":"var(--ast-global-color-5)","background-image":"","background-repeat":"repeat","background-position":"center center","background-size":"auto","background-attachment":"scroll","background-type":"","background-media":"","overlay-type":"","overlay-color":"","overlay-opacity":"","overlay-gradient":""},"mobile":{"background-color":"var(--ast-global-color-5)","background-image":"","background-repeat":"repeat","background-position":"center center","background-size":"auto","background-attachment":"scroll","background-type":"","background-media":"","overlay-type":"","overlay-color":"","overlay-opacity":"","overlay-gradient":""}},"footnotes":""},"class_list":["post-44755","page","type-page","status-publish","hentry"],"_links":{"self":[{"href":"https:\/\/silvereco.org\/doc\/wp-json\/wp\/v2\/pages\/44755","targetHints":{"allow":["GET"]}}],"collection":[{"href":"https:\/\/silvereco.org\/doc\/wp-json\/wp\/v2\/pages"}],"about":[{"href":"https:\/\/silvereco.org\/doc\/wp-json\/wp\/v2\/types\/page"}],"author":[{"embeddable":true,"href":"https:\/\/silvereco.org\/doc\/wp-json\/wp\/v2\/users\/639"}],"replies":[{"embeddable":true,"href":"https:\/\/silvereco.org\/doc\/wp-json\/wp\/v2\/comments?post=44755"}],"version-history":[{"count":4,"href":"https:\/\/silvereco.org\/doc\/wp-json\/wp\/v2\/pages\/44755\/revisions"}],"predecessor-version":[{"id":45660,"href":"https:\/\/silvereco.org\/doc\/wp-json\/wp\/v2\/pages\/44755\/revisions\/45660"}],"wp:attachment":[{"href":"https:\/\/silvereco.org\/doc\/wp-json\/wp\/v2\/media?parent=44755"}],"curies":[{"name":"wp","href":"https:\/\/api.w.org\/{rel}","templated":true}]}}