{"id":44752,"date":"2025-10-11T13:28:02","date_gmt":"2025-10-11T11:28:02","guid":{"rendered":"https:\/\/silvereco.org\/doc\/?page_id=44752"},"modified":"2026-01-22T14:10:23","modified_gmt":"2026-01-22T13:10:23","slug":"assystel-samsung-electronics-france-a30-hall-a","status":"publish","type":"page","link":"https:\/\/silvereco.org\/doc\/assystel-samsung-electronics-france-a30-hall-a\/","title":{"rendered":"ASSYSTEL \u2013 SAMSUNG ELECTRONICS FRANCE \/ A30 \/ HALL A"},"content":{"rendered":"\n<figure class=\"wp-block-image size-full is-resized\"><img loading=\"lazy\" decoding=\"async\" width=\"350\" height=\"200\" src=\"https:\/\/silvereco.org\/doc\/wp-content\/uploads\/2023\/08\/assystel-logo.png\" alt=\"\" class=\"wp-image-42434\" style=\"width:256px;height:auto\" srcset=\"https:\/\/silvereco.org\/doc\/wp-content\/uploads\/2023\/08\/assystel-logo.png 350w, https:\/\/silvereco.org\/doc\/wp-content\/uploads\/2023\/08\/assystel-logo-300x171.png 300w\" sizes=\"auto, (max-width: 350px) 100vw, 350px\" \/><\/figure>\n\n\n\n<figure class=\"wp-block-image is-resized\"><img decoding=\"async\" src=\"https:\/\/silvereco.org\/festival\/fr\/wp-content\/medias\/2025\/10\/samsung-25.svg\" alt=\"\" style=\"width:297px;height:auto\"\/><\/figure>\n\n\n\n<h5 class=\"wp-block-heading\"><\/h5>\n\n\n\n<figure class=\"wp-block-image size-full\"><img loading=\"lazy\" decoding=\"async\" width=\"25\" height=\"24\" src=\"https:\/\/silvereco.org\/doc\/wp-content\/uploads\/2025\/10\/image-205.png\" alt=\"\" class=\"wp-image-45379\"\/><\/figure>\n\n\n\n<p>ASSYSTEL et Samsung Electronics France s\u2019associent pour pr\u00e9senter au SilverEco Festival 2025 une innovation majeure : la Framboise Watch, montre connect\u00e9e d\u00e9di\u00e9e au bien-vieillir et \u00e0 la s\u00e9curit\u00e9.<\/p>\n\n\n\n<p>ASSYSTEL, acteur fran\u00e7ais historique de la t\u00e9l\u00e9assistance depuis 1977, con\u00e7oit, fabrique et commercialise des solutions de s\u00e9curit\u00e9 pour les personnes \u00e2g\u00e9es avec sa gamme \u00ab Framboise \u00bb (bo\u00eetier vocal, bouton d\u2019appel, bracelet d\u00e9tecteur de chute, montres connect\u00e9es, application mobile).<\/p>\n\n\n\n<p>Le stand co-brand\u00e9 ASSYSTEL \u2013 Samsung mettra en avant :<\/p>\n\n\n\n<ul class=\"wp-block-list\">\n<li>l\u2019\u00e9cosyst\u00e8me Samsung (smartphones, tablettes, Galaxy Ring) autour de la sant\u00e9 et de la connectivit\u00e9 interg\u00e9n\u00e9rationnelle ;<\/li>\n\n\n\n<li>la Framboise Watch, int\u00e9gr\u00e9e \u00e0 l\u2019infrastructure de t\u00e9l\u00e9assistance d\u2019ASSYSTEL, offrant aux seniors s\u00e9r\u00e9nit\u00e9 et autonomie (appel d\u2019assistance, g\u00e9olocalisation, suivi bien-\u00eatre, application mobile pour les aidants) ;<\/li>\n\n\n\n<li>des d\u00e9monstrations en temps r\u00e9el des usages et t\u00e9moignages utilisateurs ;<\/li>\n\n\n\n<li>une vision commune de l\u2019innovation au service de l\u2019autonomie, port\u00e9e par l\u2019alliance entre une PME fran\u00e7aise experte et un leader mondial de la tech.<\/li>\n<\/ul>\n\n\n\n<p>Notre ambition : pr\u00e9parer l\u2019avenir de la t\u00e9l\u00e9assistance en France pour la d\u00e9cennie 2030, en r\u00e9pondant aux besoins des nouvelles g\u00e9n\u00e9rations de seniors. La Framboise Watch incarne une solution connect\u00e9e moins stigmatisante, ancr\u00e9e dans le quotidien, inclusive et esth\u00e9tique (\u00ab design for all \u00bb), adapt\u00e9e \u00e0 une g\u00e9n\u00e9ration active et exigeante.<\/p>\n\n\n\n<figure class=\"wp-block-image size-full\"><img loading=\"lazy\" decoding=\"async\" width=\"25\" height=\"25\" src=\"https:\/\/silvereco.org\/doc\/wp-content\/uploads\/2025\/10\/image-223.png\" alt=\"\" class=\"wp-image-45411\"\/><\/figure>\n\n\n\n<p>ASSYSTEL and Samsung Electronics France are joining forces to present a major innovation at the SilverEco Festival 2025: the Framboise Watch, a connected smartwatch designed for ageing well and ensuring safety.<\/p>\n\n\n\n<p>ASSYSTEL, a historic French telecare provider since 1977, designs, manufactures, and markets safety solutions for older adults through its <em>Framboise<\/em> range (voice terminals, emergency call buttons, fall-detection bracelets, connected watches, and mobile apps).<\/p>\n\n\n\n<p>The co-branded ASSYSTEL\u2013Samsung booth will highlight:<br>\u2013 The Samsung ecosystem (smartphones, tablets, Galaxy Ring) centered on health and intergenerational connectivity.<br>\u2013 The Framboise Watch, fully integrated into ASSYSTEL\u2019s teleassistance infrastructure, offering seniors greater serenity and independence through assistance calls, geolocation, wellbeing tracking, and a caregiver mobile app.<br>\u2013 Live demonstrations and user testimonials.<br>\u2013 A shared vision of innovation serving autonomy, built on the partnership between a French SME expert and a global tech leader.<\/p>\n\n\n\n<p>Their ambition: to shape the future of teleassistance in France for the 2030s, meeting the needs of new generations of seniors. The Framboise Watch embodies a less stigmatizing, connected solution \u2014 inclusive, stylish, and seamlessly integrated into everyday life \u2014 reflecting a \u201cdesign for all\u201d approach for an active and demanding generation.<\/p>\n\n\n\n<p><strong>Mots Clefs :<\/strong><br>T\u00e9l\u00e9assistance \u2013 Montre connect\u00e9e \u2013 Bien vieillir \u2013 Design for all<\/p>\n\n\n\n<p><strong>KeyWords :<\/strong><br>Telecare \u2013 Smartwatch \u2013 Ageing well \u2013 Design for all<\/p>\n\n\n\n<p><strong>SilverEco Congr\u00e8s \/ Summits :<\/strong><br>Living at Home Summit &#8211; le Congr\u00e8s Bien-vieillir chez soi<br>Nursing Home Summit &#8211; le Congr\u00e8s EHPAD, RSS et h\u00e9bergement collectif<br>SilverTech Summit &#8211; le Congr\u00e8s des technologies pour l&rsquo;autonomie<br>Yes We Care Summit &#8211; le Congr\u00e8s de l&rsquo;aide aux aidants<br>Silver Citizen Summit &#8211; le Congr\u00e8s Silver citoyennet\u00e9, Healthy Ageing Summit &#8211; le Congr\u00e8s Sant\u00e9 e-Sant\u00e9<\/p>\n\n\n\n<p><strong>Contact :<\/strong><br>57 rue Nicolas de Rumigny 08380 SIGNY LE PETIT \u2013 France<br>h.borie@assystel.fr<br><a href=\"https:\/\/www.assystel.fr\/\">Website<\/a><\/p>\n","protected":false},"excerpt":{"rendered":"<p>ASSYSTEL et Samsung Electronics France s\u2019associent pour pr\u00e9senter au SilverEco Festival 2025 une innovation majeure : la Framboise Watch, montre connect\u00e9e d\u00e9di\u00e9e au bien-vieillir et \u00e0 la s\u00e9curit\u00e9. ASSYSTEL, acteur fran\u00e7ais historique de la t\u00e9l\u00e9assistance depuis 1977, con\u00e7oit, fabrique et commercialise des solutions de s\u00e9curit\u00e9 pour les personnes \u00e2g\u00e9es avec sa gamme \u00ab Framboise \u00bb [&hellip;]<\/p>\n","protected":false},"author":639,"featured_media":0,"parent":0,"menu_order":0,"comment_status":"closed","ping_status":"closed","template":"","meta":{"site-sidebar-layout":"default","site-content-layout":"","ast-site-content-layout":"default","site-content-style":"default","site-sidebar-style":"default","ast-global-header-display":"","ast-banner-title-visibility":"","ast-main-header-display":"","ast-hfb-above-header-display":"","ast-hfb-below-header-display":"","ast-hfb-mobile-header-display":"","site-post-title":"","ast-breadcrumbs-content":"","ast-featured-img":"","footer-sml-layout":"","ast-disable-related-posts":"","theme-transparent-header-meta":"","adv-header-id-meta":"","stick-header-meta":"","header-above-stick-meta":"","header-main-stick-meta":"","header-below-stick-meta":"","astra-migrate-meta-layouts":"set","ast-page-background-enabled":"default","ast-page-background-meta":{"desktop":{"background-color":"var(--ast-global-color-4)","background-image":"","background-repeat":"repeat","background-position":"center center","background-size":"auto","background-attachment":"scroll","background-type":"","background-media":"","overlay-type":"","overlay-color":"","overlay-opacity":"","overlay-gradient":""},"tablet":{"background-color":"","background-image":"","background-repeat":"repeat","background-position":"center center","background-size":"auto","background-attachment":"scroll","background-type":"","background-media":"","overlay-type":"","overlay-color":"","overlay-opacity":"","overlay-gradient":""},"mobile":{"background-color":"","background-image":"","background-repeat":"repeat","background-position":"center center","background-size":"auto","background-attachment":"scroll","background-type":"","background-media":"","overlay-type":"","overlay-color":"","overlay-opacity":"","overlay-gradient":""}},"ast-content-background-meta":{"desktop":{"background-color":"var(--ast-global-color-5)","background-image":"","background-repeat":"repeat","background-position":"center center","background-size":"auto","background-attachment":"scroll","background-type":"","background-media":"","overlay-type":"","overlay-color":"","overlay-opacity":"","overlay-gradient":""},"tablet":{"background-color":"var(--ast-global-color-5)","background-image":"","background-repeat":"repeat","background-position":"center center","background-size":"auto","background-attachment":"scroll","background-type":"","background-media":"","overlay-type":"","overlay-color":"","overlay-opacity":"","overlay-gradient":""},"mobile":{"background-color":"var(--ast-global-color-5)","background-image":"","background-repeat":"repeat","background-position":"center center","background-size":"auto","background-attachment":"scroll","background-type":"","background-media":"","overlay-type":"","overlay-color":"","overlay-opacity":"","overlay-gradient":""}},"footnotes":""},"class_list":["post-44752","page","type-page","status-publish","hentry"],"_links":{"self":[{"href":"https:\/\/silvereco.org\/doc\/wp-json\/wp\/v2\/pages\/44752","targetHints":{"allow":["GET"]}}],"collection":[{"href":"https:\/\/silvereco.org\/doc\/wp-json\/wp\/v2\/pages"}],"about":[{"href":"https:\/\/silvereco.org\/doc\/wp-json\/wp\/v2\/types\/page"}],"author":[{"embeddable":true,"href":"https:\/\/silvereco.org\/doc\/wp-json\/wp\/v2\/users\/639"}],"replies":[{"embeddable":true,"href":"https:\/\/silvereco.org\/doc\/wp-json\/wp\/v2\/comments?post=44752"}],"version-history":[{"count":4,"href":"https:\/\/silvereco.org\/doc\/wp-json\/wp\/v2\/pages\/44752\/revisions"}],"predecessor-version":[{"id":45592,"href":"https:\/\/silvereco.org\/doc\/wp-json\/wp\/v2\/pages\/44752\/revisions\/45592"}],"wp:attachment":[{"href":"https:\/\/silvereco.org\/doc\/wp-json\/wp\/v2\/media?parent=44752"}],"curies":[{"name":"wp","href":"https:\/\/api.w.org\/{rel}","templated":true}]}}