{"id":44751,"date":"2025-10-11T13:28:51","date_gmt":"2025-10-11T11:28:51","guid":{"rendered":"https:\/\/silvereco.org\/doc\/?page_id=44751"},"modified":"2026-01-22T14:10:45","modified_gmt":"2026-01-22T13:10:45","slug":"hospimedia-a6-hall-a","status":"publish","type":"page","link":"https:\/\/silvereco.org\/doc\/hospimedia-a6-hall-a\/","title":{"rendered":"Hospimedia \/ A6 \/ HALL A"},"content":{"rendered":"\n<figure class=\"wp-block-image is-resized\"><img decoding=\"async\" src=\"https:\/\/silvereco.org\/festival\/fr\/wp-content\/medias\/2025\/10\/hospimedia-25.png\" alt=\"\" style=\"width:446px;height:auto\"\/><\/figure>\n\n\n\n<h5 class=\"wp-block-heading\"><\/h5>\n\n\n\n<figure class=\"wp-block-image size-full\"><img loading=\"lazy\" decoding=\"async\" width=\"25\" height=\"24\" src=\"https:\/\/silvereco.org\/doc\/wp-content\/uploads\/2025\/10\/image-204.png\" alt=\"\" class=\"wp-image-45378\"\/><\/figure>\n\n\n\n<p>Hospimedia propose chaque jour une information fiable, ind\u00e9pendante et actualis\u00e9e \u00e0 destination des d\u00e9cideurs, cadres et professionnels du secteur m\u00e9dico-social, et notamment des EHPAD.<\/p>\n\n\n\n<p>Nos \u00e9quipes d\u00e9cryptent l\u2019actualit\u00e9, les tendances et les \u00e9volutions r\u00e9glementaires qui impactent le fonctionnement des \u00e9tablissements et la qualit\u00e9 de service aux r\u00e9sidents. <\/p>\n\n\n\n<p>Hospimedia, c\u2019est aussi des dossiers th\u00e9matiques, des analyses d\u2019experts et le suivi des innovations majeures du secteur, pour vous accompagner dans vos prises de d\u00e9cision.<\/p>\n\n\n\n<figure class=\"wp-block-image size-full\"><img loading=\"lazy\" decoding=\"async\" width=\"25\" height=\"25\" src=\"https:\/\/silvereco.org\/doc\/wp-content\/uploads\/2025\/10\/image-224.png\" alt=\"\" class=\"wp-image-45413\"\/><\/figure>\n\n\n\n<p>Hospimedia provides daily reliable, independent, and up-to-date information for decision-makers, managers, and professionals in the medico-social sector, particularly those working in nursing homes (EHPAD).<\/p>\n\n\n\n<p>Its editorial team analyzes current events, trends, and regulatory developments that affect how institutions operate and the quality of care provided to residents. Hospimedia also offers thematic reports, expert analyses, and coverage of major innovations in the sector, supporting professionals in their decision-making processes.<\/p>\n\n\n\n<p><strong>Mots Clefs :<\/strong><br>Presse en ligne, actualit\u00e9s du secteur<\/p>\n\n\n\n<p><strong>KeyWords :<\/strong><br>online press, industry news<\/p>\n\n\n\n<p><strong>SilverEco Congr\u00e8s \/ Summits :<\/strong><\/p>\n\n\n\n<p><strong>Contact :<\/strong><br>2, rue Tenremonde 59000 Lille \u2013 France<br>+33 3 20 32 99 99<br>manon.ribes@hospimedia-groupe.fr<br><a href=\"https:\/\/hospimedia.fr\/\">Website<\/a><\/p>\n","protected":false},"excerpt":{"rendered":"<p>Hospimedia propose chaque jour une information fiable, ind\u00e9pendante et actualis\u00e9e \u00e0 destination des d\u00e9cideurs, cadres et professionnels du secteur m\u00e9dico-social, et notamment des EHPAD. Nos \u00e9quipes d\u00e9cryptent l\u2019actualit\u00e9, les tendances et les \u00e9volutions r\u00e9glementaires qui impactent le fonctionnement des \u00e9tablissements et la qualit\u00e9 de service aux r\u00e9sidents. Hospimedia, c\u2019est aussi des dossiers th\u00e9matiques, des analyses [&hellip;]<\/p>\n","protected":false},"author":639,"featured_media":0,"parent":0,"menu_order":0,"comment_status":"closed","ping_status":"closed","template":"","meta":{"site-sidebar-layout":"default","site-content-layout":"","ast-site-content-layout":"default","site-content-style":"default","site-sidebar-style":"default","ast-global-header-display":"","ast-banner-title-visibility":"","ast-main-header-display":"","ast-hfb-above-header-display":"","ast-hfb-below-header-display":"","ast-hfb-mobile-header-display":"","site-post-title":"","ast-breadcrumbs-content":"","ast-featured-img":"","footer-sml-layout":"","ast-disable-related-posts":"","theme-transparent-header-meta":"","adv-header-id-meta":"","stick-header-meta":"","header-above-stick-meta":"","header-main-stick-meta":"","header-below-stick-meta":"","astra-migrate-meta-layouts":"set","ast-page-background-enabled":"default","ast-page-background-meta":{"desktop":{"background-color":"var(--ast-global-color-4)","background-image":"","background-repeat":"repeat","background-position":"center center","background-size":"auto","background-attachment":"scroll","background-type":"","background-media":"","overlay-type":"","overlay-color":"","overlay-opacity":"","overlay-gradient":""},"tablet":{"background-color":"","background-image":"","background-repeat":"repeat","background-position":"center center","background-size":"auto","background-attachment":"scroll","background-type":"","background-media":"","overlay-type":"","overlay-color":"","overlay-opacity":"","overlay-gradient":""},"mobile":{"background-color":"","background-image":"","background-repeat":"repeat","background-position":"center center","background-size":"auto","background-attachment":"scroll","background-type":"","background-media":"","overlay-type":"","overlay-color":"","overlay-opacity":"","overlay-gradient":""}},"ast-content-background-meta":{"desktop":{"background-color":"var(--ast-global-color-5)","background-image":"","background-repeat":"repeat","background-position":"center center","background-size":"auto","background-attachment":"scroll","background-type":"","background-media":"","overlay-type":"","overlay-color":"","overlay-opacity":"","overlay-gradient":""},"tablet":{"background-color":"var(--ast-global-color-5)","background-image":"","background-repeat":"repeat","background-position":"center center","background-size":"auto","background-attachment":"scroll","background-type":"","background-media":"","overlay-type":"","overlay-color":"","overlay-opacity":"","overlay-gradient":""},"mobile":{"background-color":"var(--ast-global-color-5)","background-image":"","background-repeat":"repeat","background-position":"center center","background-size":"auto","background-attachment":"scroll","background-type":"","background-media":"","overlay-type":"","overlay-color":"","overlay-opacity":"","overlay-gradient":""}},"footnotes":""},"class_list":["post-44751","page","type-page","status-publish","hentry"],"_links":{"self":[{"href":"https:\/\/silvereco.org\/doc\/wp-json\/wp\/v2\/pages\/44751","targetHints":{"allow":["GET"]}}],"collection":[{"href":"https:\/\/silvereco.org\/doc\/wp-json\/wp\/v2\/pages"}],"about":[{"href":"https:\/\/silvereco.org\/doc\/wp-json\/wp\/v2\/types\/page"}],"author":[{"embeddable":true,"href":"https:\/\/silvereco.org\/doc\/wp-json\/wp\/v2\/users\/639"}],"replies":[{"embeddable":true,"href":"https:\/\/silvereco.org\/doc\/wp-json\/wp\/v2\/comments?post=44751"}],"version-history":[{"count":4,"href":"https:\/\/silvereco.org\/doc\/wp-json\/wp\/v2\/pages\/44751\/revisions"}],"predecessor-version":[{"id":45634,"href":"https:\/\/silvereco.org\/doc\/wp-json\/wp\/v2\/pages\/44751\/revisions\/45634"}],"wp:attachment":[{"href":"https:\/\/silvereco.org\/doc\/wp-json\/wp\/v2\/media?parent=44751"}],"curies":[{"name":"wp","href":"https:\/\/api.w.org\/{rel}","templated":true}]}}