{"id":44747,"date":"2025-10-11T13:30:48","date_gmt":"2025-10-11T11:30:48","guid":{"rendered":"https:\/\/silvereco.org\/doc\/?page_id=44747"},"modified":"2026-01-22T14:11:09","modified_gmt":"2026-01-22T13:11:09","slug":"synerpa-domicile-a10-hall-a","status":"publish","type":"page","link":"https:\/\/silvereco.org\/doc\/synerpa-domicile-a10-hall-a\/","title":{"rendered":"Synerpa Domicile \/ A10 \/ HALL A"},"content":{"rendered":"\n<figure class=\"wp-block-image is-resized\"><img decoding=\"async\" src=\"https:\/\/silvereco.org\/festival\/fr\/wp-content\/medias\/2025\/10\/synerpa-25.png\" alt=\"\" style=\"width:398px;height:auto\"\/><\/figure>\n\n\n\n<h5 class=\"wp-block-heading\"><\/h5>\n\n\n\n<figure class=\"wp-block-image size-full\"><img loading=\"lazy\" decoding=\"async\" width=\"25\" height=\"24\" src=\"https:\/\/silvereco.org\/doc\/wp-content\/uploads\/2025\/10\/image-201.png\" alt=\"\" class=\"wp-image-45368\"\/><\/figure>\n\n\n\n<p>Cr\u00e9\u00e9 en 2015, le Synerpa Domicile est d\u00e9di\u00e9 aux acteurs priv\u00e9s et associatifs qui oeuvrent chaque jour aupr\u00e8s des personnes \u00e2g\u00e9es et des personnes en situation de handicap, en leur fournissant un accompagnement au quotidien \u00e0 leur domicile.<\/p>\n\n\n\n<p>Au sein de la conf\u00e9d\u00e9ration du Synerpa, il s\u2019impose comme le syndicat de r\u00e9f\u00e9rence pour le secteur de l\u2019aide et des soins \u00e0 domicile, aux c\u00f4t\u00e9s de l\u2019entit\u00e9 conf\u00e9d\u00e9rale d\u00e9di\u00e9e aux EHPAD et r\u00e9sidences seniors ainsi que du CNETh, pour le Conseil national des \u00e9tablissements thermaux. <\/p>\n\n\n\n<p>Le Synerpa Domicile rassemble pr\u00e8s de 1 200 agences de services et de soins \u00e0 domicile sur tout le territoire, mobilisant des milliers de professionnels pour accompagner des personnes en perte d\u2019autonomie. <\/p>\n\n\n\n<p>Engag\u00e9 dans la valorisation de ce secteur essentiel, le Synerpa Domicile oeuvre pour une fili\u00e8re unie et solidaire, en lien \u00e9troit avec les institutions et les d\u00e9cideurs publics. <\/p>\n\n\n\n<p>Le Synerpa Domicile s\u2019illustre comme un r\u00e9seau solide au service d\u2019un secteur de proximit\u00e9 et de service qui joue un r\u00f4le incontournable face aux d\u00e9fis du vieillissement de la population.<\/p>\n\n\n\n<figure class=\"wp-block-image size-full\"><img loading=\"lazy\" decoding=\"async\" width=\"25\" height=\"25\" src=\"https:\/\/silvereco.org\/doc\/wp-content\/uploads\/2025\/10\/image-227.png\" alt=\"\" class=\"wp-image-45419\"\/><\/figure>\n\n\n\n<p>Created in 2015, Synerpa Domicile represents private and non-profit organizations that support older adults and people with disabilities by providing daily home care and assistance.<\/p>\n\n\n\n<p>As part of the Synerpa confederation, it stands as the leading trade union for the home care and support sector, alongside entities representing nursing homes, senior residences, and the CNETh (National Council of Thermal Establishments).<\/p>\n\n\n\n<p>Synerpa Domicile brings together nearly 1,200 home care and nursing agencies across France, mobilizing thousands of professionals to assist individuals experiencing loss of autonomy.<\/p>\n\n\n\n<p>Committed to promoting and strengthening this essential sector, Synerpa Domicile advocates for a unified, collaborative, and socially responsible industry, working closely with institutions and public decision-makers. It is a strong, nationwide network supporting a vital local service sector that plays a key role in addressing the challenges of population ageing.<\/p>\n\n\n\n<p><strong>Mots Clefs :<\/strong><br>Aide \u00e0 domicile<\/p>\n\n\n\n<p><strong>KeyWords :<\/strong><br>Home care<\/p>\n\n\n\n<p><strong>SilverEco Congr\u00e8s \/ Summits :<\/strong><br>Living at Home Summit \u2013 le Congr\u00e8s Bien-vieillir chez soi<br>Nursing Home Summit \u2013 le Congr\u00e8s EHPAD, RSS et h\u00e9bergement collectif<\/p>\n\n\n\n<p><strong>Contact :<\/strong><br>6 bis rue Auguste-Vitu 75015 PARIS \u2013 France<br>contact@synerpa.fr<br><a href=\"https:\/\/www.synerpa.fr\/\">Website<\/a><\/p>\n","protected":false},"excerpt":{"rendered":"<p>Cr\u00e9\u00e9 en 2015, le Synerpa Domicile est d\u00e9di\u00e9 aux acteurs priv\u00e9s et associatifs qui oeuvrent chaque jour aupr\u00e8s des personnes \u00e2g\u00e9es et des personnes en situation de handicap, en leur fournissant un accompagnement au quotidien \u00e0 leur domicile. Au sein de la conf\u00e9d\u00e9ration du Synerpa, il s\u2019impose comme le syndicat de r\u00e9f\u00e9rence pour le secteur [&hellip;]<\/p>\n","protected":false},"author":639,"featured_media":0,"parent":0,"menu_order":0,"comment_status":"closed","ping_status":"closed","template":"","meta":{"site-sidebar-layout":"default","site-content-layout":"","ast-site-content-layout":"default","site-content-style":"default","site-sidebar-style":"default","ast-global-header-display":"","ast-banner-title-visibility":"","ast-main-header-display":"","ast-hfb-above-header-display":"","ast-hfb-below-header-display":"","ast-hfb-mobile-header-display":"","site-post-title":"","ast-breadcrumbs-content":"","ast-featured-img":"","footer-sml-layout":"","ast-disable-related-posts":"","theme-transparent-header-meta":"","adv-header-id-meta":"","stick-header-meta":"","header-above-stick-meta":"","header-main-stick-meta":"","header-below-stick-meta":"","astra-migrate-meta-layouts":"set","ast-page-background-enabled":"default","ast-page-background-meta":{"desktop":{"background-color":"var(--ast-global-color-4)","background-image":"","background-repeat":"repeat","background-position":"center center","background-size":"auto","background-attachment":"scroll","background-type":"","background-media":"","overlay-type":"","overlay-color":"","overlay-opacity":"","overlay-gradient":""},"tablet":{"background-color":"","background-image":"","background-repeat":"repeat","background-position":"center center","background-size":"auto","background-attachment":"scroll","background-type":"","background-media":"","overlay-type":"","overlay-color":"","overlay-opacity":"","overlay-gradient":""},"mobile":{"background-color":"","background-image":"","background-repeat":"repeat","background-position":"center center","background-size":"auto","background-attachment":"scroll","background-type":"","background-media":"","overlay-type":"","overlay-color":"","overlay-opacity":"","overlay-gradient":""}},"ast-content-background-meta":{"desktop":{"background-color":"var(--ast-global-color-5)","background-image":"","background-repeat":"repeat","background-position":"center center","background-size":"auto","background-attachment":"scroll","background-type":"","background-media":"","overlay-type":"","overlay-color":"","overlay-opacity":"","overlay-gradient":""},"tablet":{"background-color":"var(--ast-global-color-5)","background-image":"","background-repeat":"repeat","background-position":"center center","background-size":"auto","background-attachment":"scroll","background-type":"","background-media":"","overlay-type":"","overlay-color":"","overlay-opacity":"","overlay-gradient":""},"mobile":{"background-color":"var(--ast-global-color-5)","background-image":"","background-repeat":"repeat","background-position":"center center","background-size":"auto","background-attachment":"scroll","background-type":"","background-media":"","overlay-type":"","overlay-color":"","overlay-opacity":"","overlay-gradient":""}},"footnotes":""},"class_list":["post-44747","page","type-page","status-publish","hentry"],"_links":{"self":[{"href":"https:\/\/silvereco.org\/doc\/wp-json\/wp\/v2\/pages\/44747","targetHints":{"allow":["GET"]}}],"collection":[{"href":"https:\/\/silvereco.org\/doc\/wp-json\/wp\/v2\/pages"}],"about":[{"href":"https:\/\/silvereco.org\/doc\/wp-json\/wp\/v2\/types\/page"}],"author":[{"embeddable":true,"href":"https:\/\/silvereco.org\/doc\/wp-json\/wp\/v2\/users\/639"}],"replies":[{"embeddable":true,"href":"https:\/\/silvereco.org\/doc\/wp-json\/wp\/v2\/comments?post=44747"}],"version-history":[{"count":4,"href":"https:\/\/silvereco.org\/doc\/wp-json\/wp\/v2\/pages\/44747\/revisions"}],"predecessor-version":[{"id":45647,"href":"https:\/\/silvereco.org\/doc\/wp-json\/wp\/v2\/pages\/44747\/revisions\/45647"}],"wp:attachment":[{"href":"https:\/\/silvereco.org\/doc\/wp-json\/wp\/v2\/media?parent=44747"}],"curies":[{"name":"wp","href":"https:\/\/api.w.org\/{rel}","templated":true}]}}