{"id":44746,"date":"2025-10-11T13:31:25","date_gmt":"2025-10-11T11:31:25","guid":{"rendered":"https:\/\/silvereco.org\/doc\/?page_id=44746"},"modified":"2026-01-22T14:10:45","modified_gmt":"2026-01-22T13:10:45","slug":"pole-services-a-la-personne-h11-hall-a","status":"publish","type":"page","link":"https:\/\/silvereco.org\/doc\/pole-services-a-la-personne-h11-hall-a\/","title":{"rendered":"P\u00f4le Services \u00e0 la Personne \/ H11 \/ HALL A"},"content":{"rendered":"\n<figure class=\"wp-block-image is-resized\"><img decoding=\"async\" src=\"https:\/\/silvereco.org\/festival\/fr\/wp-content\/medias\/2025\/10\/PSPPACA-25.png\" alt=\"\" style=\"width:478px;height:auto\"\/><\/figure>\n\n\n\n<h5 class=\"wp-block-heading\"><\/h5>\n\n\n\n<figure class=\"wp-block-image size-full\"><img loading=\"lazy\" decoding=\"async\" width=\"25\" height=\"24\" src=\"https:\/\/silvereco.org\/doc\/wp-content\/uploads\/2025\/10\/image-200.png\" alt=\"\" class=\"wp-image-45367\"\/><\/figure>\n\n\n\n<p>Le P\u00f4le Services \u00e0 la Personne Provence-Alpes-C\u00f4te d\u2019Azur est un cluster unique en France.<\/p>\n\n\n\n<p>Depuis 2007, le P\u00f4le rassemble les organisations sanitaires, sociales, m\u00e9dico-sociales et de services \u00e0 la personne autour de la construction d\u2019un parcours de soins et de services aux domiciles, dans une logique de coop\u00e9ration et de coordination des acteurs. <\/p>\n\n\n\n<p>En tant que centre d\u2019expertise des services \u00e0 domicile et de la Silver \u00e9conomie en r\u00e9gion Sud, le P\u00f4le vise \u00e0 favoriser la croissance et l\u2019innovation des organisations, \u00e0 cr\u00e9er et consolider l\u2019emploi tout en am\u00e9liorant le service rendu \u00e0 l\u2019\u00e9cosyst\u00e8me r\u00e9gional et \u00e0 ses membres. <\/p>\n\n\n\n<p>Ce positionnement facilite le d\u00e9cloisonnement de ces diff\u00e9rents champs et g\u00e9n\u00e8re des synergies conduisant \u00e0 la cr\u00e9ation de valeur et au d\u00e9veloppement r\u00e9gional. <\/p>\n\n\n\n<p>Sous l\u2019\u00e9gide de la R\u00e9gion Sud, le P\u00f4le anime le Club Silver SUD, un espace privil\u00e9gi\u00e9 de rencontres entre entreprises r\u00e9gionales de la fili\u00e8re Silver \u00e9conomie et de mises en relation avec des acteurs institutionnels.<\/p>\n\n\n\n<figure class=\"wp-block-image size-full\"><img loading=\"lazy\" decoding=\"async\" width=\"25\" height=\"25\" src=\"https:\/\/silvereco.org\/doc\/wp-content\/uploads\/2025\/10\/image-228.png\" alt=\"\" class=\"wp-image-45421\"\/><\/figure>\n\n\n\n<p>The <em>P\u00f4le Services \u00e0 la Personne Provence-Alpes-C\u00f4te d\u2019Azur<\/em> is a unique cluster in France.<\/p>\n\n\n\n<p>Since 2007, it has brought together healthcare, social care, medico-social, and personal service organizations to build a coordinated and cooperative pathway of home-based care and services.<\/p>\n\n\n\n<p>As the regional center of expertise for home services and the Silver Economy in Southern France, the P\u00f4le\u2019s mission is to foster growth and innovation among organizations, create and strengthen employment, and enhance the quality of services provided to the regional ecosystem and its members.<\/p>\n\n\n\n<p>This positioning helps break down sectoral barriers, generating synergies that create value and drive regional development. Under the auspices of the R\u00e9gion Sud, the P\u00f4le also leads <em>Club Silver Sud<\/em>, a key networking hub connecting regional Silver Economy businesses with institutional stakeholders.<\/p>\n\n\n\n<p><strong>Mots Clefs :<\/strong><br>Services \u00e0 domicile \u2013 Silver \u00e9conomie \u2013 Innovation sociale \u2013<\/p>\n\n\n\n<p><strong>KeyWords :<\/strong><br>Home care services \u2013 Silver economy \u2013 Social innovation \u2013<\/p>\n\n\n\n<p><strong>SilverEco Congr\u00e8s \/ Summits :<\/strong><br>Living at Home Summit \u2013 le Congr\u00e8s Bien-vieillir chez soi<br>SilverTech Summit \u2013 le Congr\u00e8s des technologies pour l\u2019autonomie<br>Yes We Care Summit \u2013 le Congr\u00e8s de l\u2019aide aux aidants<br>Healthy Ageing Summit \u2013 le Congr\u00e8s Sant\u00e9 e-Sant\u00e9<\/p>\n\n\n\n<p><strong>Contact :<\/strong><br>74, rue Edmond Rostand 13006 Marseille \u2013 France<br>lucie.marchal@psppaca.fr<br><a href=\"https:\/\/www.psppaca.fr\/\">Website<\/a><\/p>\n","protected":false},"excerpt":{"rendered":"<p>Le P\u00f4le Services \u00e0 la Personne Provence-Alpes-C\u00f4te d\u2019Azur est un cluster unique en France. Depuis 2007, le P\u00f4le rassemble les organisations sanitaires, sociales, m\u00e9dico-sociales et de services \u00e0 la personne autour de la construction d\u2019un parcours de soins et de services aux domiciles, dans une logique de coop\u00e9ration et de coordination des acteurs. En tant [&hellip;]<\/p>\n","protected":false},"author":639,"featured_media":0,"parent":0,"menu_order":0,"comment_status":"closed","ping_status":"closed","template":"","meta":{"site-sidebar-layout":"default","site-content-layout":"","ast-site-content-layout":"default","site-content-style":"default","site-sidebar-style":"default","ast-global-header-display":"","ast-banner-title-visibility":"","ast-main-header-display":"","ast-hfb-above-header-display":"","ast-hfb-below-header-display":"","ast-hfb-mobile-header-display":"","site-post-title":"","ast-breadcrumbs-content":"","ast-featured-img":"","footer-sml-layout":"","ast-disable-related-posts":"","theme-transparent-header-meta":"","adv-header-id-meta":"","stick-header-meta":"","header-above-stick-meta":"","header-main-stick-meta":"","header-below-stick-meta":"","astra-migrate-meta-layouts":"set","ast-page-background-enabled":"default","ast-page-background-meta":{"desktop":{"background-color":"var(--ast-global-color-4)","background-image":"","background-repeat":"repeat","background-position":"center center","background-size":"auto","background-attachment":"scroll","background-type":"","background-media":"","overlay-type":"","overlay-color":"","overlay-opacity":"","overlay-gradient":""},"tablet":{"background-color":"","background-image":"","background-repeat":"repeat","background-position":"center center","background-size":"auto","background-attachment":"scroll","background-type":"","background-media":"","overlay-type":"","overlay-color":"","overlay-opacity":"","overlay-gradient":""},"mobile":{"background-color":"","background-image":"","background-repeat":"repeat","background-position":"center center","background-size":"auto","background-attachment":"scroll","background-type":"","background-media":"","overlay-type":"","overlay-color":"","overlay-opacity":"","overlay-gradient":""}},"ast-content-background-meta":{"desktop":{"background-color":"var(--ast-global-color-5)","background-image":"","background-repeat":"repeat","background-position":"center center","background-size":"auto","background-attachment":"scroll","background-type":"","background-media":"","overlay-type":"","overlay-color":"","overlay-opacity":"","overlay-gradient":""},"tablet":{"background-color":"var(--ast-global-color-5)","background-image":"","background-repeat":"repeat","background-position":"center center","background-size":"auto","background-attachment":"scroll","background-type":"","background-media":"","overlay-type":"","overlay-color":"","overlay-opacity":"","overlay-gradient":""},"mobile":{"background-color":"var(--ast-global-color-5)","background-image":"","background-repeat":"repeat","background-position":"center center","background-size":"auto","background-attachment":"scroll","background-type":"","background-media":"","overlay-type":"","overlay-color":"","overlay-opacity":"","overlay-gradient":""}},"footnotes":""},"class_list":["post-44746","page","type-page","status-publish","hentry"],"_links":{"self":[{"href":"https:\/\/silvereco.org\/doc\/wp-json\/wp\/v2\/pages\/44746","targetHints":{"allow":["GET"]}}],"collection":[{"href":"https:\/\/silvereco.org\/doc\/wp-json\/wp\/v2\/pages"}],"about":[{"href":"https:\/\/silvereco.org\/doc\/wp-json\/wp\/v2\/types\/page"}],"author":[{"embeddable":true,"href":"https:\/\/silvereco.org\/doc\/wp-json\/wp\/v2\/users\/639"}],"replies":[{"embeddable":true,"href":"https:\/\/silvereco.org\/doc\/wp-json\/wp\/v2\/comments?post=44746"}],"version-history":[{"count":4,"href":"https:\/\/silvereco.org\/doc\/wp-json\/wp\/v2\/pages\/44746\/revisions"}],"predecessor-version":[{"id":45668,"href":"https:\/\/silvereco.org\/doc\/wp-json\/wp\/v2\/pages\/44746\/revisions\/45668"}],"wp:attachment":[{"href":"https:\/\/silvereco.org\/doc\/wp-json\/wp\/v2\/media?parent=44746"}],"curies":[{"name":"wp","href":"https:\/\/api.w.org\/{rel}","templated":true}]}}